{"id":94,"date":"2019-09-26T18:44:55","date_gmt":"2019-09-26T16:44:55","guid":{"rendered":"https:\/\/corbeil-essonnes-environnement.org\/?page_id=94"},"modified":"2020-05-04T11:40:31","modified_gmt":"2020-05-04T09:40:31","slug":"le-site-de-la-papeterie","status":"publish","type":"page","link":"https:\/\/corbeil-essonnes-environnement.org\/?page_id=94","title":{"rendered":"Le site de la papeterie"},"content":{"rendered":"<div class=\"wpb-content-wrapper\"><p>[vc_row][vc_column css=\u00a0\u00bb.vc_custom_1588584492004{margin-top: -80px !important;}\u00a0\u00bb][vc_column_text]<\/p>\n<h3 style=\"text-align: center;\"><strong>Site de papeterie 2014 &#8211; 2015<\/strong><\/h3>\n<div class=\"gmedia_gallery amron_module is_bot\" id=\"GmediaGallery_12\" data-gmid=\"12\" data-module=\"amron\"><script type=\"text\/javascript\">\n\t(function() {\n\t\tthis['GmediaGallery_12'] = {\n\t\t\t'settings':{\"collectionThumbRecomendedWidth\":\"260\",\"collectionPreloaderColor\":\"333333\",\"linkTargetWindow\":\"_blank\",\"thumbSpacing\":\"10\",\"tagsFilter\":\"1\",\"tagCloudAll\":\"All\",\"tagCloudTextColor\":\"rgba(0, 0, 0, 1)\",\"tagCloudTextColorOver\":\"rgba(255,255, 255, 1)\",\"tagCloudBgColor\":\"rgba(211, 211, 211, 1)\",\"tagCloudBgColorOver\":\"rgba(11, 11, 11, 1)\",\"collectionThumbHoverColor\":\"rgba(0, 0, 0, .7)\",\"collectionThumbContentBGColor\":\"rgba(245,245,245,1)\",\"collectionThumbTitleShow\":\"0\",\"collectionThumbTitleColor\":\"rgba(0,0,0,1)\",\"collectionThumbFontSize\":\"18\",\"collectionThumbDescriptionShow\":\"1\",\"collectionThumbDescriptionColor\":\"rgba(0,0,0,1)\",\"collectionThumbDescriptionFontSize\":\"15\",\"collectionReadMoreButtonLabel\":\"Read More\",\"collectionReadMoreButtonLabelColor\":\"rgba(255, 255, 255, 1)\",\"collectionReadMoreButtonBGColor\":\"rgba(0, 0, 0, 1)\",\"collectionReadMoreButtonLabelColorHover\":\"rgba(0, 0, 0, 1)\",\"collectionReadMoreButtonBGColorHover\":\"rgba(235,235,235,1)\",\"modaBgColor\":\"rgba(0,0,0,0.9)\",\"modalInfoBoxBgColor\":\"rgba(255,255,255,1)\",\"modalInfoBoxTitleTextColor\":\"000000\",\"modalInfoBoxTextColor\":\"333333\",\"infoBarCountersEnable\":\"0\",\"infoBarDateInfoEnable\":\"0\",\"lightBoxEnable\":\"1\",\"sliderPreloaderColor\":\"ffffff\",\"sliderBgColor\":\"rgba(0,0,0,0.8)\",\"sliderHeaderFooterBgColor\":\"000000\",\"sliderNavigationColor\":\"rgba(0,0,0,1)\",\"sliderNavigationIconColor\":\"rgba(255,255,255,1)\",\"sliderNavigationColorOver\":\"rgba(255,255,255,1)\",\"sliderNavigationIconColorOver\":\"rgba(0,0,0,1)\",\"sliderItemTitleFontSize\":\"12\",\"sliderItemTitleTextColor\":\"ffffff\",\"sliderThumbBarEnable\":\"0\",\"sliderThumbBarHoverColor\":\"ffffff\",\"sliderThumbSubMenuBackgroundColor\":\"rgba(0,0,0,1)\",\"sliderThumbSubMenuBackgroundColorOver\":\"rgba(255,255,255,1)\",\"sliderThumbSubMenuIconColor\":\"rgba(255,255,255,1)\",\"sliderThumbSubMenuIconHoverColor\":\"rgba(0,0,0,1)\",\"sliderInfoEnable\":\"1\",\"sliderItemDownload\":\"1\",\"sliderItemDiscuss\":\"1\",\"sliderSocialShareEnabled\":\"1\",\"sliderLikesEnabled\":\"1\",\"customCSS\":\"\",\"module_url\":\"https:\\\/\\\/corbeil-essonnes-environnement.org\\\/wp-content\\\/plugins\\\/grand-media\\\/module\\\/amron\",\"license\":\"\",\"post_url\":\"https:\\\/\\\/corbeil-essonnes-environnement.org?rest_route=wpv2pages94\"},\n\t\t\t'appQuery':{\"orderby\":\"gmedia__in\",\"order\":\"ASC\",\"albums_order\":\"name\",\"gmedia__in\":\"33,32,31,30,29,28,27,26,25,24,23,22\",\"status\":[\"publish\"],\"limit\":100},\n\t\t\t'appApi':\"https:\\\/\\\/corbeil-essonnes-environnement.org\\\/?gmedia-app=1&gmappversion=4&gmmodule=1\",\n\t\t\t'appInfo':{\"name\":\"papeterie\",\"description\":\"\"}};\n\t})();\n<\/script>\n<\/div>[\/vc_column_text][\/vc_column][\/vc_row][vc_row][vc_column width=\u00a0\u00bb1\/4&Prime;][vc_column_text css=\u00a0\u00bb.vc_custom_1586852963433{margin-top: -50px !important;}\u00a0\u00bb]<img loading=\"lazy\" decoding=\"async\" class=\"alignnone size-full wp-image-465\" src=\"https:\/\/corbeil-essonnes-environnement.org\/wp-content\/uploads\/2020\/04\/papeterie-plan.jpg\" alt=\"\" width=\"256\" height=\"197\" \/><\/p>\n<p>&nbsp;<\/p>\n<p><img loading=\"lazy\" decoding=\"async\" class=\"size-medium wp-image-464 alignleft\" src=\"https:\/\/corbeil-essonnes-environnement.org\/wp-content\/uploads\/2020\/04\/reflet-batiment-papeterie-darblay-riviere-essonne-300x200.jpg\" alt=\"\" width=\"300\" height=\"200\" srcset=\"https:\/\/corbeil-essonnes-environnement.org\/wp-content\/uploads\/2020\/04\/reflet-batiment-papeterie-darblay-riviere-essonne-300x200.jpg 300w, https:\/\/corbeil-essonnes-environnement.org\/wp-content\/uploads\/2020\/04\/reflet-batiment-papeterie-darblay-riviere-essonne.jpg 730w\" sizes=\"auto, (max-width: 300px) 100vw, 300px\" \/>[\/vc_column_text][\/vc_column][vc_column width=\u00a0\u00bb3\/4&Prime;][vc_column_text]<\/p>\n<h3>2018 Site papeterie OAP-Pom&rsquo;Chou projet ICADE<\/h3>\n<p>Novembre :\u00a0CEE a formul\u00e9 un recours gracieux puis un recours contentieux parce que le permis de construire autoris\u00e9 \/ projet ICADE ne respectait pas l\u2019OAP : Orientation d\u2019Am\u00e9nagement et de Programmation \u2013 Pom\u2019Chou, inscrite au PLU de 2016. En cons\u00e9quence le permis de construire pour 240 logements d\u00e9pos\u00e9 par ICADE a \u00e9t\u00e9 retir\u00e9 par le promoteur, avant les conclusions du tribunal administratif qui l\u2019aurait condamn\u00e9 pour non-respect des dispositions du PLU.<a href=\"http:\/\/www.confluence-91.org\/CEE_site\/PLU_ZAC_Glaises_SDRIF_SMITEC\/20181120%20Communique%20OAP%20PomChou%20ICADE.pdf\"> Lire le communiqu\u00e9<\/a>.\u00a0 Ce retrait qui \u00e9teint l\u2019action en justice n\u2019a pas permis \u00e0 C-E-E d\u2019\u00eatre d\u00e9dommag\u00e9 des frais de proc\u00e9dure engag\u00e9s.<\/p>\n<h3><\/h3>\n<h3><strong>R\u00e9habilitation de l\u2019ancien site des papeteries Darblay<\/strong><\/h3>\n<p>14 hectares de friches industrielles affect\u00e9es par la pollution des anciennes activit\u00e9s de fabrication de papiers,\u00a0\u00a0\u00a0\u00a0\u00a0\u00a0\u00a0 abandonn\u00e9es par son ancien propri\u00e9taire, situ\u00e9es en zone urbanis\u00e9e et travers\u00e9es par des bras de la rivi\u00e8re Essonne<\/p>\n<p><strong>2013<\/strong><\/p>\n<ul>\n<li>le 23 d\u00e9cembre, CEE fait un point avec Bouygues, Antea et Brunel sur les travaux de d\u00e9pollution, d\u00e9samiantage et d\u00e9molitions, quelques <a href=\"https:\/\/corbeil-essonnes-environnement.org\/wp-content\/uploads\/video\/20091112-projet_diapo_papeterie_400.mp4\">photos<\/a> illustrent cette visite.<\/li>\n<\/ul>\n<ul>\n<li>Le 9 novembre 2013, CEE fait un bilan sur les constructions du site de la papeterie, lire son <a href=\"http:\/\/www.confluence-91.org\/CEE_site\/Papeterie\/131109%20Papeterie%20-%20Communique%20CEE%20papeterie.pdf\">communiqu\u00e9<\/a><\/li>\n<\/ul>\n<ul>\n<li>du 9 septembre au 9 octobre 2013Ouverture d\u2019une enqu\u00eate publique, dans le cadre de l\u2019am\u00e9nagement du site de la Papeterie\u00a0: voierie, stationnement, jardin partag\u00e9, parcours de sant\u00e9\u00a0: <a href=\"http:\/\/www.corbeil-essonnes.com\/spip.php?article4346\">http:\/\/www.corbeil-essonnes.com\/spip.php?article4346<\/a><\/li>\n<\/ul>\n<ul>\n<li>Le 23 avril 2013, CEE communique son<a href=\"http:\/\/www.confluence-91.org\/CEE_site\/Papeterie\/20130423%20Avis%20CEE%20enquete%20publique%20amenagement%20site%20papeterie%20phase%202.pdf\"> avis<\/a> \u00e0 l\u2019enqu\u00eate publique d\u2019am\u00e9nagement du site de la papeterie Darblay phase 2. Lire le <a href=\"http:\/\/www.confluence-91.org\/CEE_site\/Papeterie\/201304_Rapport%20enquete%20publique_amenagement%20papeterie%20phase%202%20opt.pdf\">rapport<\/a> du commissaire enqu\u00eateur.<\/li>\n<\/ul>\n<p><strong>\u00a0<\/strong><strong>\u00a0\u00a0\u00a0\u00a0\u00a0\u00a0\u00a0 2012<\/strong><\/p>\n<ul>\n<li>Le 11 janvier 2012, CEE participe a un <a href=\"http:\/\/www.confluence-91.org\/CEE_site\/Papeterie\/20120109_papeterie_atelier%20thematique%20confirmation.pdf\">atelier th\u00e9matique<\/a> sur l\u2019am\u00e9nagement du site de la papeterie. Lire notre bref <a href=\"http:\/\/www.confluence-91.org\/CEE_site\/Papeterie\/20120111%20Atelier%20thematique%20papeterie.pdf\">compte rendu<\/a>. Lire le <a href=\"http:\/\/www.confluence-91.org\/CEE_site\/Papeterie\/20120223_CR_atelier%20thematique_papeterie_11janvier.pdf\">compte rendu municipal<\/a><\/li>\n<\/ul>\n<p><strong>\u00a0\u00a0\u00a0\u00a0\u00a0\u00a0\u00a0 2011<\/strong><\/p>\n<ul>\n<li>Le 18 octobre 2011, la municipalit\u00e9 organise une r\u00e9union publique d\u2019information sur la poursuite du projet papeterie, lire la <a href=\"http:\/\/www.confluence-91.org\/CEE_site\/Papeterie\/20111018%20Concertation_Papeterie.pdf\">pr\u00e9sentation<\/a> de la municipalit\u00e9<\/li>\n<\/ul>\n<p><strong>\u00a0\u00a0\u00a0\u00a0\u00a0\u00a0\u00a0 2010<\/strong><\/p>\n<ul>\n<li>Le 24 novembre 2010, publication par la pr\u00e9fecture de l\u2019<a href=\"http:\/\/www.confluence-91.org\/CEE_site\/Papeterie\/20101216_Pref91_Siarce_amenagement_essonne_papeterie.pdf\">arr\u00eat\u00e9<\/a> d\u2019autorisation des travaux d\u2019am\u00e9nagement de la rivi\u00e8re Essonne sur le site de la papeterie.<\/li>\n<li>le 11 mai 2010 : <a href=\"http:\/\/www.confluence-91.org\/CEE_site\/Papeterie\/100511%20Reponse%20au%20Parisien.pdf\">rectificatif<\/a> \u00e0 l\u2019article du Parisien du 7 mai sur la position de CEE vis \u00e0 vis du projet de r\u00e9habilitation du site de la papeterie Darblay<\/li>\n<li>le 30 avril 2010 publication d\u2019un <a href=\"http:\/\/www.confluence-91.org\/CEE_site\/Papeterie\/100430%20Communique%20de%20presse%20site%20de%20la%20papeterie.pdf\">Communiqu\u00e9<\/a> de presse concernant l\u2019utilisation abusive du label \u00e9co-quartier.<\/li>\n<li>Janvier 2010, Ile de France Environnement publie un <a href=\"http:\/\/www.confluence-91.org\/CEE_site\/Papeterie\/201001%20Liaisons%20IDFE%20janvier.pdf\">article<\/a> de CEE sur le site de la papeterie.<\/li>\n<li><a href=\"http:\/\/www.confluence-91.org\/CEE_site\/Mairie%20de%20Corbeil\/20100122%20RV%20Maire.pdf\">Pr\u00e9sentation<\/a> faite le 22 janvier 2010 \u00e0 M. Bechter, maire de Corbeil-Essonnes, en pr\u00e9sence de M. le S\u00e9nateur Serge Dassault et des repr\u00e9sentants de Bouygues Immobilier.<\/li>\n<\/ul>\n<p><strong>\u00a0\u00a0 2009<\/strong><\/p>\n<ul>\n<li>Le 20 novembre, quelques <a href=\"https:\/\/corbeil-essonnes-environnement.org\/wp-content\/uploads\/video\/200912_Sequence_photos.mp4\">photos<\/a> du site de la papeterie, pr\u00e9sent\u00e9es lors de la r\u00e9union des adh\u00e9rents CEE Un <a href=\"https:\/\/corbeil-essonnes-environnement.org\/wp-content\/uploads\/video\/091120%20selection%20diaporama%20Corbeil-Essonnes.mp4\">diaporama<\/a> sur la ville de Corbeil-Essonnes et le site de la papeterie est \u00e9galement pr\u00e9sent\u00e9.<\/li>\n<li>Le 26 octobre, CEE s\u2019<a href=\"http:\/\/www.confluence-91.org\/CEE_site\/Papeterie\/091026%20Lettre%20maire%20papeterie.pdf\">adresse<\/a> au maire de Corbeil-Essonnes, lui demandant que le projet de construction de logements sur le site de la papeterie soit trait\u00e9 comme un v\u00e9ritable projet d\u2019am\u00e9nagement et Eco-quartier.<\/li>\n<li>Le 22 septembre, CEE sollicite l\u2019action du Conseil G\u00e9n\u00e9ral de l\u2019Essonne pour pr\u00e9server le patrimoine industriel. Lire le <a href=\"http:\/\/www.confluence-91.org\/CEE_site\/Papeterie\/lettre%20michel%20berson%20batiments%20papeterie.pdf\">courrier<\/a>.<\/li>\n<li>Le 21 septembre, par <a href=\"http:\/\/www.confluence-91.org\/CEE_site\/Papeterie\/courrier%20CEE%20210909.pdf\">courrier<\/a> le promoteur pr\u00e9cise les points soulev\u00e9s par CEE pris en compte dans le projet. Les adh\u00e9rents sont invit\u00e9s \u00e0 s\u2019exprimer par courriel \u00e0 <a href=\"mailto:corbeil-essonnes-environnement@wanadoo.fr\">corbeil-essonnes-environnement@wanadoo.fr<\/a><\/li>\n<\/ul>\n<ul>\n<li>Le 29 ao\u00fbt, CEE publie un <a href=\"http:\/\/www.confluence-91.org\/CEE_site\/Papeterie\/Corbeil-Essonnes%20Environnement-communique%20de%20presse%20version%202.pdf\">communiqu\u00e9<\/a> de presse sur le projet papeterie<\/li>\n<li>\u00a0le 9 ao\u00fbt, SNCF r\u00e9pond \u00e0 notre demande d\u2019<a href=\"http:\/\/www.confluence-91.org\/CEE_site\/Papeterie\/090814%20echange%20sncf.pdf\">informations<\/a> sur les projets d\u2019am\u00e9nagement des gares RER \u00e0 proximit\u00e9 de la papeterie.\u00a0\u00a0\u00a0\u00a0\u00a0\u00a0\u00a0\u00a0\u00a0\u00a0\u00a0\u00a0\u00a0\u00a0 \u00a0.<\/li>\n<li>Le 20 juin, la <a href=\"http:\/\/www.confluence-91.org\/CEE_site\/Papeterie\/090620%20ack%20pref%20recours.pdf\">pr\u00e9fecture<\/a> confirme qu\u2019un contr\u00f4le de l\u00e9galit\u00e9 du permis de construire est en cours, et le 23 juin, la <a href=\"http:\/\/www.confluence-91.org\/CEE_site\/Papeterie\/090623%20ack%20mairie%20recours.pdf\">mairie<\/a> nous accuse r\u00e9ception du recours. Le 21 octobre 2009, la pr\u00e9fecture nous <a href=\"http:\/\/www.confluence-91.org\/CEE_site\/Papeterie\/091021%20Reponse%20Pref%20sur%20recours.pdf\">confirme<\/a> la l\u00e9galit\u00e9 du permis<\/li>\n<li>13 juin 2009, CEE et Bouygues Immobilier se r\u00e9unissent et font le point sur les arguments du recours de CEE. Lire le <a href=\"http:\/\/www.confluence-91.org\/CEE_site\/Papeterie\/090613%20CR%20reunion%20CEE-Bouygues.pdf\">compte-rendu<\/a>. Une r\u00e9union se tient le 2 juillet, lire le <a href=\"http:\/\/www.confluence-91.org\/CEE_site\/Papeterie\/090702%20Reunion%20Bouygues%20V2.pdf\">compte-rendu<\/a>. CEE demande \u00e0 rencontrer les d\u00e9l\u00e9gu\u00e9s en charge des affaires de la ville, lire le <a href=\"http:\/\/www.confluence-91.org\/CEE_site\/Papeterie\/090709%20courrier%20delegues%20ville%20bouygues.pdf\">courrier<\/a>.<\/li>\n<li>6 juin 2009, CEE d\u00e9cide de faire un <a href=\"http:\/\/www.confluence-91.org\/CEE_site\/Papeterie\/090605%20recours%20papeterie.pdf\">recours<\/a> gracieux contre le permis d\u00e9livr\u00e9 en date du 9 avril 2009.<\/li>\n<li>En janvier 2009, Bouygues Immobilier nous informe du d\u00e9p\u00f4t du permis de construire phase 1 et du plan de gestion r\u00e9alis\u00e9 par le cabinet Antea aupr\u00e8s de la DRIRE. Le 4 f\u00e9vrier 2009, nous avons acc\u00e8s au plan de gestion de la d\u00e9pollution dans les locaux de la DRIRE, sans toutefois pouvoir en faire copie. Lire le <a href=\"http:\/\/www.confluence-91.org\/CEE_site\/Papeterie\/20090204%20Gestion%20depollution%20CR%20de%20CEE%20a%20la%20DRIRE%20du%2004.pdf\">compte rendu<\/a> de cette visite.<\/li>\n<\/ul>\n<p><strong>\u00a0\u00a0\u00a0\u00a0\u00a0\u00a0\u00a0 Pollution des sols et de la rivi\u00e8re Essonne<\/strong><\/p>\n<p><strong>\u00a0\u00a0\u00a0\u00a0\u00a0\u00a0\u00a0\u00a0 <\/strong>Des analyses compl\u00e9mentaires ont \u00e9t\u00e9 men\u00e9es en 2007, le rapport devant \u00eatre disponible en novembre 2007.<\/p>\n<p>Le 20 juillet 2007, ADRCE &amp; CEE rencontrent M. Remi Galin, Ing\u00e9nieur divisionnaire de la <a href=\"http:\/\/www.ile-de-France.drire.gouv.fr\/\">DRIRE<\/a> Ile-de-France, subdivision de l\u2019Essonne. M. Galin pr\u00e9cise l\u2019historique des actions prises par l\u2019Etat suite \u00e0 la d\u00e9faillance\u00a0 de l\u2019entreprise propri\u00e9taire des lieux, et la pollution PCB de l\u2019Essonnes suite aux actes de vandalisme sur les transformateurs abandonn\u00e9s. La pollution des sols a fait l\u2019objet d\u2019\u00e9tudes r\u00e9alis\u00e9es par le cabinet ANTEA.<\/p>\n<p>Le dernier rapport communiqu\u00e9 date de mai 2006. Lire le <a href=\"http:\/\/www.confluence-91.org\/CEE_site\/Papeterie\/Etude%20depollution%20et%20diag%20environnemental%20mai%202006%20part%201.pdf\">rapport<\/a> (attention 5MB), le plan des <a href=\"http:\/\/www.confluence-91.org\/CEE_site\/Papeterie\/Annexe%20au%20doct%20ANTEA%20de%20mai%202006%2014.pdf\">zones de pollution<\/a>, les 3 pages de <a href=\"http:\/\/www.confluence-91.org\/CEE_site\/Papeterie\/Conclusion%20etude%20ANTEA%20mai%202006.pdf\">conclusion<\/a> :<\/p>\n<ul>\n<li>3 \u00e9chantillons sur 45 pr\u00e9sentent des anomalies de concentration en hydrocarbures.<\/li>\n<li>1 \u00e9chantillon sur 20 pr\u00e9sente une anomalie de concentration en cyanure.<\/li>\n<li>6 \u00e9chantillons d\u00e9passent les crit\u00e8res limites des d\u00e9chets inertes en COT (Carbone Organique Total), dont 3 les crit\u00e8res des d\u00e9chets non dangereux.<\/li>\n<li>35 \u00e9chantillons de sols sur 60 pr\u00e9sentent des anomalies de concentration en m\u00e9taux (Arsenic, chrome, cuivre, nickel, plomb, zinc).<\/li>\n<li>1 \u00e9chantillon sur 40 montre une anomalie en benzopyr\u00e8ne.<\/li>\n<li>12 \u00e9chantillons sur 20 pr\u00e9sentent des anomalies en COHV (Compos\u00e9s Organiques Halog\u00e9n\u00e9s Volatiles).<\/li>\n<li>5 pi\u00e9zom\u00e8tres sur 10 indiquent des anomalies de concentration en m\u00e9taux des eaux souterraines.<\/li>\n<li>4 \u00e9chantillons de s\u00e9diments de l\u2019Essonne pr\u00e9sentent des anomalies de concentration en cuivre et plomb.<\/li>\n<\/ul>\n<p>mai 2007 le <a href=\"http:\/\/www.confluence-91.org\/CEE_site\/Papeterie\/20070530_Communique%20CEE.pdf\">communiqu\u00e9<\/a> de Corbeil-Essonnes-Environnement<\/p>\n<p>novembre 2006 le <a href=\"http:\/\/www.confluence-91.org\/CEE_site\/Papeterie\/200611%20Caneton%20St%20Etienne.pdf\">communiqu\u00e9<\/a>, paru dans la publication d\u2019Essonne Nature Environnement \u00ab\u00a0Le Caneton\u00a0\u00bb\u00a0\u00a0\u00a0\u00a0\u00a0\u00a0\u00a0\u00a0 de f\u00e9vrier 2007<\/p>\n<p>septembre 2006 le <a href=\"http:\/\/www.confluence-91.org\/CEE_site\/Papeterie\/20060924leparisiencommuniquePapeterie.pdf\">communiqu\u00e9<\/a> de Corbeil-Essonnes-Environnement et de <a href=\"http:\/\/www.confluence-91.org\/ADRECE_site\/index%20adrce.htm\">ADRCE<\/a><\/p>\n<p>septembre 2004 l\u2019<u>a<\/u><a href=\"http:\/\/www.confluence-91.org\/CEE_site\/Papeterie\/envir_mag_sept04.pdf\">rticle<\/a> d\u2019Environnement magazine<\/p>\n<p>Le <a href=\"http:\/\/basol.environnement.gouv.fr\/fiche.php?page=1&amp;index_sp=91.0038\">site<\/a> est r\u00e9f\u00e9renc\u00e9 par l\u2019Etat dans la base de donn\u00e9es BASOL sur les sites et sols pollu\u00e9s ou potentiellement\u00a0 pollu\u00e9s appelant une action des pouvoirs publics, \u00e0 titre pr\u00e9ventif ou curatif.[\/vc_column_text][\/vc_column][\/vc_row]<\/p>\n<\/div>","protected":false},"excerpt":{"rendered":"<p>[vc_row][vc_column css=\u00a0\u00bb.vc_custom_1588584492004{margin-top: -80px !important;}\u00a0\u00bb][vc_column_text] Site de papeterie 2014 &#8211; 2015 [\/vc_column_text][\/vc_column][\/vc_row][vc_row][vc_column width=\u00a0\u00bb1\/4&Prime;][vc_column_text css=\u00a0\u00bb.vc_custom_1586852963433{margin-top: -50px !important;}\u00a0\u00bb] &nbsp; [\/vc_column_text][\/vc_column][vc_column width=\u00a0\u00bb3\/4&Prime;][vc_column_text] 2018 Site papeterie OAP-Pom&rsquo;Chou projet ICADE Novembre :\u00a0CEE a formul\u00e9 un recours gracieux puis un recours contentieux parce que le permis de construire autoris\u00e9 \/ projet ICADE ne respectait pas l\u2019OAP : Orientation d\u2019Am\u00e9nagement et de Programmation<br \/><a href=\"https:\/\/corbeil-essonnes-environnement.org\/?page_id=94\" class=\"more\">Lire la suite<\/a><\/p>\n","protected":false},"author":1,"featured_media":0,"parent":0,"menu_order":19,"comment_status":"closed","ping_status":"closed","template":"","meta":{"footnotes":""},"class_list":["post-94","page","type-page","status-publish","hentry"],"_links":{"self":[{"href":"https:\/\/corbeil-essonnes-environnement.org\/index.php?rest_route=\/wp\/v2\/pages\/94","targetHints":{"allow":["GET"]}}],"collection":[{"href":"https:\/\/corbeil-essonnes-environnement.org\/index.php?rest_route=\/wp\/v2\/pages"}],"about":[{"href":"https:\/\/corbeil-essonnes-environnement.org\/index.php?rest_route=\/wp\/v2\/types\/page"}],"author":[{"embeddable":true,"href":"https:\/\/corbeil-essonnes-environnement.org\/index.php?rest_route=\/wp\/v2\/users\/1"}],"replies":[{"embeddable":true,"href":"https:\/\/corbeil-essonnes-environnement.org\/index.php?rest_route=%2Fwp%2Fv2%2Fcomments&post=94"}],"version-history":[{"count":0,"href":"https:\/\/corbeil-essonnes-environnement.org\/index.php?rest_route=\/wp\/v2\/pages\/94\/revisions"}],"wp:attachment":[{"href":"https:\/\/corbeil-essonnes-environnement.org\/index.php?rest_route=%2Fwp%2Fv2%2Fmedia&parent=94"}],"curies":[{"name":"wp","href":"https:\/\/api.w.org\/{rel}","templated":true}]}}