{"id":81,"date":"2019-09-26T15:57:44","date_gmt":"2019-09-26T13:57:44","guid":{"rendered":"https:\/\/corbeil-essonnes-environnement.org\/?page_id=81"},"modified":"2023-06-16T10:30:24","modified_gmt":"2023-06-16T08:30:24","slug":"les-grands-moulins","status":"publish","type":"page","link":"https:\/\/corbeil-essonnes-environnement.org\/?page_id=81","title":{"rendered":"Les Grands Moulins"},"content":{"rendered":"<div class=\"wpb-content-wrapper\"><p>[vc_row][vc_column width=\u00a0\u00bb1\/4&Prime; css=\u00a0\u00bb.vc_custom_1586702629464{padding-top: -80px !important;}\u00a0\u00bb][vc_column_text]<img loading=\"lazy\" decoding=\"async\" class=\"alignnone size-medium wp-image-159\" src=\"https:\/\/corbeil-essonnes-environnement.org\/wp-content\/uploads\/2020\/04\/mouilns-chargement-des-bateaux-300x194.jpg\" alt=\"\" width=\"300\" height=\"194\" srcset=\"https:\/\/corbeil-essonnes-environnement.org\/wp-content\/uploads\/2020\/04\/mouilns-chargement-des-bateaux-300x194.jpg 300w, https:\/\/corbeil-essonnes-environnement.org\/wp-content\/uploads\/2020\/04\/mouilns-chargement-des-bateaux-1024x661.jpg 1024w, https:\/\/corbeil-essonnes-environnement.org\/wp-content\/uploads\/2020\/04\/mouilns-chargement-des-bateaux-768x496.jpg 768w, https:\/\/corbeil-essonnes-environnement.org\/wp-content\/uploads\/2020\/04\/mouilns-chargement-des-bateaux.jpg 1104w\" sizes=\"auto, (max-width: 300px) 100vw, 300px\" \/><\/p>\n<p>&nbsp;<\/p>\n<p>&nbsp;<\/p>\n<p><img loading=\"lazy\" decoding=\"async\" class=\"alignnone size-medium wp-image-155 alignleft\" src=\"https:\/\/corbeil-essonnes-environnement.org\/wp-content\/uploads\/2020\/04\/Vue-des-grands-moulins-300x225.jpg\" alt=\"\" width=\"300\" height=\"225\" srcset=\"https:\/\/corbeil-essonnes-environnement.org\/wp-content\/uploads\/2020\/04\/Vue-des-grands-moulins-300x225.jpg 300w, https:\/\/corbeil-essonnes-environnement.org\/wp-content\/uploads\/2020\/04\/Vue-des-grands-moulins.jpg 667w\" sizes=\"auto, (max-width: 300px) 100vw, 300px\" \/><\/p>\n<p>&nbsp;<\/p>\n<p>&nbsp;<\/p>\n<p>&nbsp;<\/p>\n<p>&nbsp;<\/p>\n<p>&nbsp;<\/p>\n<p>&nbsp;<\/p>\n<p>[\/vc_column_text][\/vc_column][vc_column width=\u00a0\u00bb3\/4&Prime; css=\u00a0\u00bb.vc_custom_1586702497468{padding-top: -80px !important;}\u00a0\u00bb][vc_column_text]<\/p>\n<ul>\n<li>15 Juin 2023 : <a href=\"https:\/\/corbeil-essonnes-environnement.org\/wp-content\/uploads\/2023\/06\/2023_0615_GMC_nouvelle-installation_-juin2023.pdf\" target=\"_blank\" rel=\"noopener\">Inauguration<\/a> du nouveau Moulin du groupe Soufflet \u00e0 Corbeil-Essonnes, publication de \u00ab\u00a0Les Echos\u00a0\u00bb<\/li>\n<li>Archive et histoire des GMC : consulter la plaquette publicitaire des <a href=\"https:\/\/corbeil-essonnes-environnement.org\/wp-content\/uploads\/2022\/06\/20220601_GMCplaquette1920-o.pdf\" target=\"_blank\" rel=\"noopener\">GMC<\/a> de 1920<\/li>\n<li>2022 : Projet GMC : Groupe Soufflet pr\u00e9sentation <a href=\"https:\/\/corbeil-essonnes-environnement.org\/wp-content\/uploads\/2022\/04\/2022_0310_Presentation_projet_GMC-1.pdf\" target=\"_blank\" rel=\"noopener\">ALTAREA\/ COGEDIM<\/a><\/li>\n<li>2021 : la <a href=\"https:\/\/patrimoines.iledefrance.fr\/actualites\/il-fallait-que-ce-soit-beau-produire-travailler-aux-grands-moulins-corbeil?utm_source=email&amp;utm_campaign=NL_Patrimoine&amp;utm_medium=email\" target=\"_blank\" rel=\"noopener\">m\u00e9moire des Grands Moulins de Corbeil<\/a>, avec la R\u00e9gion, l&rsquo;Agglo, la commune et l&rsquo;entreprise<\/li>\n<li>2021 : rapport de la DRIEE en date de septembre 2018 sur <a href=\"https:\/\/corbeil-essonnes-environnement.org\/wp-content\/uploads\/2021\/04\/20210417_GrandsMoulinsCorbeil_rapport_installations-classees.pdf\" target=\"_blank\" rel=\"noopener\">l&rsquo;\u00e9tude de dangers<\/a> des Grands Moulins de Corbeil (GMC groupe Soufflet)<\/li>\n<li>2019 : f\u00e9vrier, \u00e9tude et valorisation d&rsquo;un site du patrimoine industriel francilien : Les Grands Moulins de Corbeil-Essonnes :<a href=\"http:\/\/patrimoines.iledefrance.fr\/evenements\/etude-valorisation-site-majeur-du-patrimoine-industriel-francilien-grands-moulins-corbeil\" target=\"new\" rel=\"noopener noreferrer\"> convention<\/a> de partenariat sign\u00e9e entre la R\u00e9gion, GPS, La commune et l&rsquo;entreprise. Un nouveau b\u00e2timent destin\u00e9 \u00e0 accueilli l&rsquo;unit\u00e9 de production est en cours de construction, en remplacement de l&rsquo;unit\u00e9 actuelle.<\/li>\n<li>2013 : Un port c\u00e9r\u00e9alier est en construction quai de l\u2019Apport Paris,<a href=\"http:\/\/www.confluence-91.org\/CEE_site\/Port cerealier\/20130725 Permis port cerealier.pdf\" target=\"_new\" rel=\"noopener noreferrer\"> voir<\/a> quelques planches du dossier de permis de construire de juillet 2013. CEE note que l\u2019\u00e9tude d\u2019impact n\u2019a pas \u00e9t\u00e9 r\u00e9alis\u00e9e.<\/li>\n<li>2012 : Le 2 juillet, rendez vous annuel, lire la <a href=\"http:\/\/www.confluence-91.org\/CEE_site\/Moulins\/20120702 Comite Corbeil-Essonnes-Environnement Moulins Soufflet juillet 2012.pdf\" target=\"_new\" rel=\"noopener noreferrer\">pr\u00e9sentation<\/a>, le <a href=\"http:\/\/www.confluence-91.org\/CEE_site\/Moulins\/20120702 Rapport des Moulins.pdf\" target=\"_new\" rel=\"noopener noreferrer\">rapport<\/a>, la <a href=\"http:\/\/www.confluence-91.org\/CEE_site\/Moulins\/2004 2012 trafic site.pdf\" target=\"_new\" rel=\"noopener noreferrer\">comparaison du trafic du site en 2004 et 2012<\/a>.<\/li>\n<li>2011 :\n<ul>\n<li>Le 22 d\u00e9cembre l&rsquo;ancienne passerelle (inutilis\u00e9e) de transbordement des Grands Moulins est <a href=\"http:\/\/www.confluence-91.org\/CEE_site\/Moulins\/20111222 Incendie vieille passerelle.pdf\">d\u00e9truite<\/a> par le feu.<\/li>\n<li>Le 15 juin, rendez vous annuel avec les Moulins Soufflet, lire la <a href=\"http:\/\/www.confluence-91.org\/CEE_site\/Moulins\/20110615 Comite Corbeil-Essonnes-Environnement Moulins Soufflet juin 2011.pdf\" target=\"_new\" rel=\"noopener noreferrer\">pr\u00e9sentation<\/a> et le <a href=\"http:\/\/www.confluence-91.org\/CEE_site\/Moulins\/20100828 Rapport Moulins Soufflet etude impact sonore 2010.pdf\" target=\"_new\" rel=\"noopener noreferrer\">rapport d&rsquo;\u00e9tude d&rsquo;impact sonore<\/a>.<\/li>\n<li><span id=\"hets\">Le 13 mars, CEE <a href=\"http:\/\/www.confluence-91.org\/CEE_site\/Moulins\/110313 Lettre Soufflet journee des moulins 2012.pdf\">\u00e9crit<\/a> au pr\u00e9sident des moulins Soufflet pour lui proposer de participer \u00e0 la journ\u00e9e des moulins 2012. <\/span>Le 23 mars 2011, M Soufflet <a href=\"http:\/\/www.confluence-91.org\/CEE_site\/Moulins\/20110323 OK moulins sur journee 2012.pdf\" target=\"_blank\" rel=\"noopener noreferrer\">r\u00e9pond<\/a> positivement.<\/li>\n<\/ul>\n<\/li>\n<li><span id=\"hets\">2010 : Le 4 mai, CEE rencontre la direction des Moulins Soufflet et nous communique les documents suivants : <a href=\"http:\/\/www.confluence-91.org\/CEE_site\/Moulins\/100504 Bilan\/100504 Bilan environnement avec CEE.pdf\">Bilan environnemental<\/a>, <a href=\"http:\/\/www.confluence-91.org\/CEE_site\/Moulins\/100504 Bilan\/Bilan_bruit 2009.pdf\">mesures de bruit<\/a>, rapport de contr\u00f4le des rejets moulin de <a href=\"http:\/\/www.confluence-91.org\/CEE_site\/Moulins\/2009 Rapport rejets 600T.pdf\" target=\"_new\" rel=\"noopener noreferrer\">600T<\/a> et <a href=\"http:\/\/www.confluence-91.org\/CEE_site\/Moulins\/2009 Rapport rejets 750T.pdf\" target=\"_new\" rel=\"noopener noreferrer\">750T<\/a>, <a href=\"http:\/\/www.confluence-91.org\/CEE_site\/Moulins\/100504 Bilan\/Rapport mesure champ electromagnetiqueil.pdf\">rapport de mesures \u00e9lectromagn\u00e9tique<\/a>s.<\/span><\/li>\n<li><span id=\"hets\">2009 : le 3 novembre, un silo menace d\u2019exploser pr\u00e8s d\u2019un site Seveso \u00e0 Grigny-Essonne. <a href=\"http:\/\/www.confluence-91.org\/CEE_site\/Moulins\/091103 Un silo menace.pdf\">Lire<\/a> l&rsquo;article du Parisien et la communication du groupe Soufflet, propri\u00e9taire des silos et des moulins de Corbeil.<\/span><\/li>\n<li><span id=\"hets\">2008 : la direction des Moulins Soufflet nous commente l<a href=\"http:\/\/www.confluence-91.org\/CEE_site\/Moulins\/20070730_incendieGMCRep.pdf\" target=\"_blank\" rel=\"noopener noreferrer\">e d\u00e9but d&rsquo;incendie du 30 juillet 2008<\/a>, vite ma\u00eetris\u00e9, et nous indique les actions correctives prises. Un <a href=\"http:\/\/www.confluence-91.org\/CEE_site\/Moulins\/20090203_fumees sans feu GMC.pdf\" target=\"Incident\" rel=\"noopener noreferrer\">incident<\/a> a \u00e9galement lieu le 3 f\u00e9vrier 2009, sans cons\u00e9quence.<\/span><\/li>\n<li><span id=\"hets\">2009 : l&rsquo;association rencontre la direction des Moulins Soufflet le 29 janvier 2009 qui nous communique les documents suivants : <a href=\"http:\/\/www.confluence-91.org\/CEE_site\/Moulins\/20090202_Contr-l des rejets atmosph-riques canalis- filtres 2008.pdf\" target=\"_blank\" rel=\"noopener noreferrer\">contr\u00f4le des rejets atmosph\u00e9riques filtr\u00e9s<\/a> et <a href=\"http:\/\/www.confluence-91.org\/CEE_site\/Moulins\/20080202_Contr-l des rejets atmosph-riques diffu 2008.pdf\" target=\"_blank\" rel=\"noopener noreferrer\">non filtr\u00e8s<\/a>, les <a href=\"http:\/\/www.confluence-91.org\/CEE_site\/Moulins\/Bilan_bruit 2008.pdf\" target=\"_blank\" rel=\"noopener noreferrer\">mesures<\/a> de bruit incluant les derni\u00e8res mesures effectu\u00e9es en novembre 2008, les <a href=\"http:\/\/www.confluence-91.org\/CEE_site\/Moulins\/20090202_65.03979 - Soufflet - Corbeil.pdf\" target=\"_blank\" rel=\"noopener noreferrer\">mesures<\/a> de bruit effectu\u00e9es par <a href=\"http:\/\/www.bruitparif.fr\/\" target=\"_blank\" rel=\"noopener noreferrer\">Bruitparif<\/a> (organisme observatoire du bruit en Ile-de-France) le 10 septembre 2007, \u00e0 la demande de la DRIRE Ile-de-France. La <a href=\"http:\/\/www.confluence-91.org\/CEE_site\/Moulins\/Rapport_Bruitparif.pdf\" target=\"_blank\" rel=\"noopener noreferrer\">m\u00e9thodologie<\/a> des mesures est document\u00e9e le 31 janvier 2008.<\/span><\/li>\n<li class=\"TabbedPanelsContent\">2007 : lors de nos rendez vous r\u00e9guliers avec les Moulins Soufflet de Corbeil-Essonnes, le 4 juillet 2007<strong>,<\/strong> la direction communique son <a href=\"http:\/\/www.confluence-91.org\/CEE_site\/Moulins\/20070704 Moulins bilan 2006.pdf\" target=\"_blank\" rel=\"noopener noreferrer\"> bilan environnemental 2006<\/a><\/li>\n<li><span id=\"hets\">2001 <\/span>: la direction des Grands Moulins Soufflet et CEE \u00e9tablissent une <a href=\"http:\/\/www.confluence-91.org\/CEE_site\/Moulins\/20010124_Charte_Gds_Moulins_CEE.pdf\" target=\"new\" rel=\"noopener noreferrer\">charte<\/a> de bon voisinage<\/li>\n<\/ul>\n<p>[\/vc_column_text][\/vc_column][\/vc_row]<\/p>\n<\/div>","protected":false},"excerpt":{"rendered":"<p>[vc_row][vc_column width=\u00a0\u00bb1\/4&Prime; css=\u00a0\u00bb.vc_custom_1586702629464{padding-top: -80px !important;}\u00a0\u00bb][vc_column_text] &nbsp; &nbsp; &nbsp; &nbsp; &nbsp; &nbsp; &nbsp; &nbsp; [\/vc_column_text][\/vc_column][vc_column width=\u00a0\u00bb3\/4&Prime; css=\u00a0\u00bb.vc_custom_1586702497468{padding-top: -80px !important;}\u00a0\u00bb][vc_column_text] 15 Juin 2023 : Inauguration du nouveau Moulin du groupe Soufflet \u00e0 Corbeil-Essonnes, publication de \u00ab\u00a0Les Echos\u00a0\u00bb Archive et histoire des GMC : consulter la plaquette publicitaire des GMC de 1920 2022 : Projet GMC : Groupe<br \/><a href=\"https:\/\/corbeil-essonnes-environnement.org\/?page_id=81\" class=\"more\">Lire la suite<\/a><\/p>\n","protected":false},"author":1,"featured_media":0,"parent":0,"menu_order":20,"comment_status":"closed","ping_status":"closed","template":"","meta":{"footnotes":""},"class_list":["post-81","page","type-page","status-publish","hentry"],"_links":{"self":[{"href":"https:\/\/corbeil-essonnes-environnement.org\/index.php?rest_route=\/wp\/v2\/pages\/81","targetHints":{"allow":["GET"]}}],"collection":[{"href":"https:\/\/corbeil-essonnes-environnement.org\/index.php?rest_route=\/wp\/v2\/pages"}],"about":[{"href":"https:\/\/corbeil-essonnes-environnement.org\/index.php?rest_route=\/wp\/v2\/types\/page"}],"author":[{"embeddable":true,"href":"https:\/\/corbeil-essonnes-environnement.org\/index.php?rest_route=\/wp\/v2\/users\/1"}],"replies":[{"embeddable":true,"href":"https:\/\/corbeil-essonnes-environnement.org\/index.php?rest_route=%2Fwp%2Fv2%2Fcomments&post=81"}],"version-history":[{"count":13,"href":"https:\/\/corbeil-essonnes-environnement.org\/index.php?rest_route=\/wp\/v2\/pages\/81\/revisions"}],"predecessor-version":[{"id":2374,"href":"https:\/\/corbeil-essonnes-environnement.org\/index.php?rest_route=\/wp\/v2\/pages\/81\/revisions\/2374"}],"wp:attachment":[{"href":"https:\/\/corbeil-essonnes-environnement.org\/index.php?rest_route=%2Fwp%2Fv2%2Fmedia&parent=81"}],"curies":[{"name":"wp","href":"https:\/\/api.w.org\/{rel}","templated":true}]}}

<div class="wpb-content-wrapper"><p>[vc_row][vc_column width= »1/4&Prime; css= ».vc_custom_1586702629464{padding-top: -80px !important;} »][vc_column_text]<img loading="lazy" decoding="async" class="alignnone size-medium wp-image-159" src="https://corbeil-essonnes-environnement.org/wp-content/uploads/2020/04/mouilns-chargement-des-bateaux-300x194.jpg" alt="" width="300" height="194" srcset="https://corbeil-essonnes-environnement.org/wp-content/uploads/2020/04/mouilns-chargement-des-bateaux-300x194.jpg 300w, https://corbeil-essonnes-environnement.org/wp-content/uploads/2020/04/mouilns-chargement-des-bateaux-1024x661.jpg 1024w, https://corbeil-essonnes-environnement.org/wp-content/uploads/2020/04/mouilns-chargement-des-bateaux-768x496.jpg 768w, https://corbeil-essonnes-environnement.org/wp-content/uploads/2020/04/mouilns-chargement-des-bateaux.jpg 1104w" sizes="auto, (max-width: 300px) 100vw, 300px" /></p>
<p>&nbsp;</p>
<p>&nbsp;</p>
<p><img loading="lazy" decoding="async" class="alignnone size-medium wp-image-155 alignleft" src="https://corbeil-essonnes-environnement.org/wp-content/uploads/2020/04/Vue-des-grands-moulins-300x225.jpg" alt="" width="300" height="225" srcset="https://corbeil-essonnes-environnement.org/wp-content/uploads/2020/04/Vue-des-grands-moulins-300x225.jpg 300w, https://corbeil-essonnes-environnement.org/wp-content/uploads/2020/04/Vue-des-grands-moulins.jpg 667w" sizes="auto, (max-width: 300px) 100vw, 300px" /></p>
<p>&nbsp;</p>
<p>&nbsp;</p>
<p>&nbsp;</p>
<p>&nbsp;</p>
<p>&nbsp;</p>
<p>&nbsp;</p>
<p>[/vc_column_text][/vc_column][vc_column width= »3/4&Prime; css= ».vc_custom_1586702497468{padding-top: -80px !important;} »][vc_column_text]</p>
<ul>
<li>15 Juin 2023 : <a href="https://corbeil-essonnes-environnement.org/wp-content/uploads/2023/06/2023_0615_GMC_nouvelle-installation_-juin2023.pdf" target="_blank" rel="noopener">Inauguration</a> du nouveau Moulin du groupe Soufflet à Corbeil-Essonnes, publication de « Les Echos »</li>
<li>Archive et histoire des GMC : consulter la plaquette publicitaire des <a href="https://corbeil-essonnes-environnement.org/wp-content/uploads/2022/06/20220601_GMCplaquette1920-o.pdf" target="_blank" rel="noopener">GMC</a> de 1920</li>
<li>2022 : Projet GMC : Groupe Soufflet présentation <a href="https://corbeil-essonnes-environnement.org/wp-content/uploads/2022/04/2022_0310_Presentation_projet_GMC-1.pdf" target="_blank" rel="noopener">ALTAREA/ COGEDIM</a></li>
<li>2021 : la <a href="https://patrimoines.iledefrance.fr/actualites/il-fallait-que-ce-soit-beau-produire-travailler-aux-grands-moulins-corbeil?utm_source=email&amp;utm_campaign=NL_Patrimoine&amp;utm_medium=email" target="_blank" rel="noopener">mémoire des Grands Moulins de Corbeil</a>, avec la Région, l&rsquo;Agglo, la commune et l&rsquo;entreprise</li>
<li>2021 : rapport de la DRIEE en date de septembre 2018 sur <a href="https://corbeil-essonnes-environnement.org/wp-content/uploads/2021/04/20210417_GrandsMoulinsCorbeil_rapport_installations-classees.pdf" target="_blank" rel="noopener">l&rsquo;étude de dangers</a> des Grands Moulins de Corbeil (GMC groupe Soufflet)</li>
<li>2019 : février, étude et valorisation d&rsquo;un site du patrimoine industriel francilien : Les Grands Moulins de Corbeil-Essonnes :<a href="http://patrimoines.iledefrance.fr/evenements/etude-valorisation-site-majeur-du-patrimoine-industriel-francilien-grands-moulins-corbeil" target="new" rel="noopener noreferrer"> convention</a> de partenariat signée entre la Région, GPS, La commune et l&rsquo;entreprise. Un nouveau bâtiment destiné à accueilli l&rsquo;unité de production est en cours de construction, en remplacement de l&rsquo;unité actuelle.</li>
<li>2013 : Un port céréalier est en construction quai de l’Apport Paris,<a href="http://www.confluence-91.org/CEE_site/Port cerealier/20130725 Permis port cerealier.pdf" target="_new" rel="noopener noreferrer"> voir</a> quelques planches du dossier de permis de construire de juillet 2013. CEE note que l’étude d’impact n’a pas été réalisée.</li>
<li>2012 : Le 2 juillet, rendez vous annuel, lire la <a href="http://www.confluence-91.org/CEE_site/Moulins/20120702 Comite Corbeil-Essonnes-Environnement Moulins Soufflet juillet 2012.pdf" target="_new" rel="noopener noreferrer">présentation</a>, le <a href="http://www.confluence-91.org/CEE_site/Moulins/20120702 Rapport des Moulins.pdf" target="_new" rel="noopener noreferrer">rapport</a>, la <a href="http://www.confluence-91.org/CEE_site/Moulins/2004 2012 trafic site.pdf" target="_new" rel="noopener noreferrer">comparaison du trafic du site en 2004 et 2012</a>.</li>
<li>2011 :
<ul>
<li>Le 22 décembre l&rsquo;ancienne passerelle (inutilisée) de transbordement des Grands Moulins est <a href="http://www.confluence-91.org/CEE_site/Moulins/20111222 Incendie vieille passerelle.pdf">détruite</a> par le feu.</li>
<li>Le 15 juin, rendez vous annuel avec les Moulins Soufflet, lire la <a href="http://www.confluence-91.org/CEE_site/Moulins/20110615 Comite Corbeil-Essonnes-Environnement Moulins Soufflet juin 2011.pdf" target="_new" rel="noopener noreferrer">présentation</a> et le <a href="http://www.confluence-91.org/CEE_site/Moulins/20100828 Rapport Moulins Soufflet etude impact sonore 2010.pdf" target="_new" rel="noopener noreferrer">rapport d&rsquo;étude d&rsquo;impact sonore</a>.</li>
<li><span id="hets">Le 13 mars, CEE <a href="http://www.confluence-91.org/CEE_site/Moulins/110313 Lettre Soufflet journee des moulins 2012.pdf">écrit</a> au président des moulins Soufflet pour lui proposer de participer à la journée des moulins 2012. </span>Le 23 mars 2011, M Soufflet <a href="http://www.confluence-91.org/CEE_site/Moulins/20110323 OK moulins sur journee 2012.pdf" target="_blank" rel="noopener noreferrer">répond</a> positivement.</li>
</ul>
</li>
<li><span id="hets">2010 : Le 4 mai, CEE rencontre la direction des Moulins Soufflet et nous communique les documents suivants : <a href="http://www.confluence-91.org/CEE_site/Moulins/100504 Bilan/100504 Bilan environnement avec CEE.pdf">Bilan environnemental</a>, <a href="http://www.confluence-91.org/CEE_site/Moulins/100504 Bilan/Bilan_bruit 2009.pdf">mesures de bruit</a>, rapport de contrôle des rejets moulin de <a href="http://www.confluence-91.org/CEE_site/Moulins/2009 Rapport rejets 600T.pdf" target="_new" rel="noopener noreferrer">600T</a> et <a href="http://www.confluence-91.org/CEE_site/Moulins/2009 Rapport rejets 750T.pdf" target="_new" rel="noopener noreferrer">750T</a>, <a href="http://www.confluence-91.org/CEE_site/Moulins/100504 Bilan/Rapport mesure champ electromagnetiqueil.pdf">rapport de mesures électromagnétique</a>s.</span></li>
<li><span id="hets">2009 : le 3 novembre, un silo menace d’exploser près d’un site Seveso à Grigny-Essonne. <a href="http://www.confluence-91.org/CEE_site/Moulins/091103 Un silo menace.pdf">Lire</a> l&rsquo;article du Parisien et la communication du groupe Soufflet, propriétaire des silos et des moulins de Corbeil.</span></li>
<li><span id="hets">2008 : la direction des Moulins Soufflet nous commente l<a href="http://www.confluence-91.org/CEE_site/Moulins/20070730_incendieGMCRep.pdf" target="_blank" rel="noopener noreferrer">e début d&rsquo;incendie du 30 juillet 2008</a>, vite maîtrisé, et nous indique les actions correctives prises. Un <a href="http://www.confluence-91.org/CEE_site/Moulins/20090203_fumees sans feu GMC.pdf" target="Incident" rel="noopener noreferrer">incident</a> a également lieu le 3 février 2009, sans conséquence.</span></li>
<li><span id="hets">2009 : l&rsquo;association rencontre la direction des Moulins Soufflet le 29 janvier 2009 qui nous communique les documents suivants : <a href="http://www.confluence-91.org/CEE_site/Moulins/20090202_Contr-l des rejets atmosph-riques canalis- filtres 2008.pdf" target="_blank" rel="noopener noreferrer">contrôle des rejets atmosphériques filtrés</a> et <a href="http://www.confluence-91.org/CEE_site/Moulins/20080202_Contr-l des rejets atmosph-riques diffu 2008.pdf" target="_blank" rel="noopener noreferrer">non filtrès</a>, les <a href="http://www.confluence-91.org/CEE_site/Moulins/Bilan_bruit 2008.pdf" target="_blank" rel="noopener noreferrer">mesures</a> de bruit incluant les dernières mesures effectuées en novembre 2008, les <a href="http://www.confluence-91.org/CEE_site/Moulins/20090202_65.03979 - Soufflet - Corbeil.pdf" target="_blank" rel="noopener noreferrer">mesures</a> de bruit effectuées par <a href="http://www.bruitparif.fr/" target="_blank" rel="noopener noreferrer">Bruitparif</a> (organisme observatoire du bruit en Ile-de-France) le 10 septembre 2007, à la demande de la DRIRE Ile-de-France. La <a href="http://www.confluence-91.org/CEE_site/Moulins/Rapport_Bruitparif.pdf" target="_blank" rel="noopener noreferrer">méthodologie</a> des mesures est documentée le 31 janvier 2008.</span></li>
<li class="TabbedPanelsContent">2007 : lors de nos rendez vous réguliers avec les Moulins Soufflet de Corbeil-Essonnes, le 4 juillet 2007<strong>,</strong> la direction communique son <a href="http://www.confluence-91.org/CEE_site/Moulins/20070704 Moulins bilan 2006.pdf" target="_blank" rel="noopener noreferrer"> bilan environnemental 2006</a></li>
<li><span id="hets">2001 </span>: la direction des Grands Moulins Soufflet et CEE établissent une <a href="http://www.confluence-91.org/CEE_site/Moulins/20010124_Charte_Gds_Moulins_CEE.pdf" target="new" rel="noopener noreferrer">charte</a> de bon voisinage</li>
</ul>
<p>[/vc_column_text][/vc_column][/vc_row]</p>
</div>

<p>[vc_row][vc_column width= »1/4&Prime; css= ».vc_custom_1586702629464{padding-top: -80px !important;} »][vc_column_text] &nbsp; &nbsp; &nbsp; &nbsp; &nbsp; &nbsp; &nbsp; &nbsp; [/vc_column_text][/vc_column][vc_column width= »3/4&Prime; css= ».vc_custom_1586702497468{padding-top: -80px !important;} »][vc_column_text] 15 Juin 2023 : Inauguration du nouveau Moulin du groupe Soufflet à Corbeil-Essonnes, publication de « Les Echos » Archive et histoire des GMC : consulter la plaquette publicitaire des GMC de 1920 2022 : Projet GMC : Groupe<br /><a href="https://corbeil-essonnes-environnement.org/?page_id=81" class="more">Lire la suite</a></p>
