{"id":687,"date":"2020-04-16T15:30:13","date_gmt":"2020-04-16T13:30:13","guid":{"rendered":"https:\/\/corbeil-essonnes-environnement.org\/?page_id=687"},"modified":"2024-04-21T10:09:05","modified_gmt":"2024-04-21T08:09:05","slug":"droits-du-pieton-liaisons-douces","status":"publish","type":"page","link":"https:\/\/corbeil-essonnes-environnement.org\/?page_id=687","title":{"rendered":"Droits du pi\u00e9ton &#8211; liaisons douces"},"content":{"rendered":"<div class=\"wpb-content-wrapper\"><p>[vc_row][vc_column][vc_column_text css=\u00a0\u00bb.vc_custom_1588770977875{margin-top: -80px !important;}\u00a0\u00bb]<\/p>\n<ul>\n<li>Avril 2024 : l&rsquo;institut Paris R\u00e9gion lance une <a href=\"https:\/\/www.institutparisregion.fr\/mobilite-et-transports\/deplacements\/enquete-regionale-sur-la-mobilite-des-franciliens\/\" target=\"_blank\" rel=\"noopener\">enqu\u00eate<\/a> r\u00e9gionale sur la mobilit\u00e9 des franciliens<\/li>\n<li>13 f\u00e9vrier 2022 : Barom\u00e8tre des villes cyclables :\u00a0<span dir=\"ltr\" role=\"presentation\">\u00a0la F\u00e9d\u00e9ration des Usagers de la B<\/span><span dir=\"ltr\" role=\"presentation\">icyclette vient de rendre publics les r\u00e9sultats de son nouveau\u00a0<\/span><span dir=\"ltr\" role=\"presentation\">barom\u00e8tre des villes cyclables,<\/span>\n<ul>\n<li>pour le d\u00e9partement de l\u2019Essonne :\u00a0<a href=\"https:\/\/corbeil-essonnes-environnement.org\/wp-content\/uploads\/2022\/02\/20220213_Barometre_des_villes-cyclables-LeParisien.pdf\" target=\"_blank\" rel=\"noopener\">lire l\u2019article du parisien<\/a><\/li>\n<li>pour la ville de Corbeil-Essonnes :\u00a0<a href=\"https:\/\/corbeil-essonnes-environnement.org\/wp-content\/uploads\/2022\/02\/20220213_barometre_corbeil-essonnes.jpg\" target=\"_blank\" rel=\"noopener\">consulter les r\u00e9sultats sur 75 contributions<\/a><\/li>\n<\/ul>\n<\/li>\n<li>Corbeil Essonnes Environnement est adh\u00e9rente \u00e0 la <a href=\"http:\/\/www.circulationsdouces91.org\" target=\"_blank\" rel=\"noopener noreferrer\">F\u00e9d\u00e9ration des Circulations Douces en Essonne<\/a> (FCDE)<\/li>\n<li>V\u00e9lo : <a href=\"http:\/\/www.confluence-91.org\/CEE_site\/1011 Decret amelioration securite pieton\/velo - des clefs pour reussir la transition.pdf\" target=\"_new\" rel=\"noopener noreferrer\">clef<\/a> pour r\u00e9ussir la transition<\/li>\n<li><span id=\"hets\">Lire les notices du CERTU<a href=\"http:\/\/www.confluence-91.org\/CEE_site\/1011 Decret amelioration securite pieton\/Chem-ASUV-Ecran.pdf\"> 1<\/a>, <a href=\"http:\/\/www.confluence-91.org\/CEE_site\/1011 Decret amelioration securite pieton\/Fiche01-TraversePieton-Ecran.pdf\">2<\/a>, <a href=\"http:\/\/www.confluence-91.org\/CEE_site\/1011 Decret amelioration securite pieton\/Fiche02-Trottoirs-Ecran.pdf\">3<\/a> pr\u00e9cisant les r\u00e8gles de travers\u00e9e des pi\u00e9tons sur la voir publique<\/span><\/li>\n<\/ul>\n<ul>\n<li>2020 :\n<ul>\n<li>Le Cerema publie son projet d&rsquo;am\u00e9nagements cyclables : <a href=\"https:\/\/corbeil-essonnes-environnement.org\/wp-content\/uploads\/2020\/05\/20200505-amenagementscyclablesprovisoires-vf_cerema-r.pdf\" target=\"_blank\" rel=\"noopener noreferrer\">tester pour am\u00e9nager durablement<\/a>, dans le cadre du d\u00e9confinement attendu \u00e0 partit de mai 2020<\/li>\n<li>la r\u00e9gion \u00cele-de-France publie le plan <a href=\"https:\/\/corbeil-essonnes-environnement.org\/wp-content\/uploads\/2020\/04\/Region_IDF_RER_Plan_VELO_V7b_JPG.jpg\" target=\"_blank\" rel=\"noopener noreferrer\">RER v\u00e9lo<\/a>, Corbeil-Esonnes y figure<\/li>\n<\/ul>\n<\/li>\n<li>2017 :\n<ul>\n<li>la r\u00e9gion \u00cele-de-France adopte le <a href=\"http:\/\/www.confluence-91.org\/CEE_site\/1011 Decret amelioration securite pieton\/RAPportCR2017-77RAP.pdf\" target=\"_new\" rel=\"noopener noreferrer\">plan v\u00e9lo r\u00e9gional<\/a><\/li>\n<\/ul>\n<\/li>\n<li>2016 :\n<ul>\n<li>la f\u00e9d\u00e9ration FCDE communique sur le plan v\u00e9lo de la r\u00e9gion<\/li>\n<li>le <a href=\"http:\/\/www.confluence-91.org\/CEE_site\/1011 Decret amelioration securite pieton\/2016 livret-tourisme-v4-160317_2016 03 1.pdf\" target=\"_new\" rel=\"noopener noreferrer\">tourisme en v\u00e9lo<\/a> se d\u00e9veloppe<\/li>\n<\/ul>\n<\/li>\n<li>2013 : Liaisons douces\n<ul>\n<li>19 mars, restitution du diagnostic en <a href=\"http:\/\/www.confluence-91.org\/CEE_site\/1011 Decret amelioration securite pieton\/20130319_schemadirectcirculdouces_diagnostic COTECH.pdf\" target=\"_new\" rel=\"noopener noreferrer\">comit\u00e9 technique<\/a>, 31 mai <a href=\"http:\/\/www.confluence-91.org\/CEE_site\/1011 Decret amelioration securite pieton\/20130531_PH3_Cotech_Circu_douces.pdf\" target=\"_new\" rel=\"noopener noreferrer\">pr\u00e9sentation phase 3<\/a>, ao\u00fbt <a href=\"http:\/\/www.confluence-91.org\/CEE_site\/1011 Decret amelioration securite pieton\/201308xx Schema directeur liaison douce plan action phase 3.pdf\" target=\"_new\" rel=\"noopener noreferrer\">plan d&rsquo;action<\/a> phase 3.<\/li>\n<li>Septembre : le film de 20&prime; sur les sentes de Corbeil-Essonnes est r\u00e9alis\u00e9 par plusieurs membres de CEE. <a href=\"https:\/\/youtu.be\/SOAKNumFEE8\" target=\"_blank\" rel=\"noopener noreferrer\">Voir le film<\/a> sur Youtube, voir le <a href=\"https:\/\/corbeil-essonnes-environnement.org\/wp-content\/uploads\/2020\/05\/2013-plan-des-sentes-de-Corbeil-Essonnes-r.pdf\" target=\"_blank\" rel=\"noopener noreferrer\">plan<\/a> des sentes<\/li>\n<\/ul>\n<\/li>\n<li>2012 :\n<ul>\n<li>28 oct &amp; 17 dec 2012 restitution du diagnostic de l&rsquo;\u00e9tude circulation douce au <a href=\"http:\/\/www.confluence-91.org\/CEE_site\/1011 Decret amelioration securite pieton\/20121028 restitution du diagnostic Pr\u00e9sentation COTECH 1.pdf\" target=\"_new\" rel=\"noopener noreferrer\">comit\u00e9 technique<\/a> et au <a href=\"http:\/\/www.confluence-91.org\/CEE_site\/1011 Decret amelioration securite pieton\/20121217 Restitution du diagnostic liaisons douces COPIL.pdf\" target=\"_new\" rel=\"noopener noreferrer\">comit\u00e9 de pilotage<\/a>.<\/li>\n<li>7 d\u00e9cembre 2012 &#8211; Campagne d&rsquo;affichage sur la ville : L&rsquo;association souhaite faire le point au sujet de l&rsquo;affichage publicitaire sur la ville et appelle ses adh\u00e9rents et sympathisants \u00e0 nous adresser les photos des panneaux, abribus, poteaux, stationnement de scooters, &#8230;, et tout objet dont l&#8217;emplacement repr\u00e9senterait une pollution visuelle ou une g\u00eane pour les personnes \u00e0 mobilit\u00e9 r\u00e9duite, les mamans avec enfants et les pi\u00e9tons en g\u00e9n\u00e9ral. Un retour sera fait lors de notre assembl\u00e9e g\u00e9n\u00e9rale en Mars prochain.<\/li>\n<li>Circulations douces : La communaut\u00e9 d&rsquo;agglom\u00e9ration Seine Essonne a d\u00e9marr\u00e9 le sch\u00e9ma directeur des circulations douces. Le <a href=\"http:\/\/www.confluence-91.org\/CEE_site\/1011 Decret amelioration securite pieton\/20121126_CASE_schema_directeur_circulationsdouces.pdf\" target=\"_new\" rel=\"noopener noreferrer\">diagnostic<\/a> r\u00e9alis\u00e9 par le cabinet Inddigo est disponible et a \u00e9t\u00e9 pr\u00e9sent\u00e9 le 29 novembre 2012. CEE a <a href=\"http:\/\/www.confluence-91.org\/CEE_site\/1011 Decret amelioration securite pieton\/20121201 Demande particip schema circulations douces.pdf\" target=\"_new\" rel=\"noopener noreferrer\">demand\u00e9<\/a> \u00e0 participer \u00e0 ce projet.<\/li>\n<\/ul>\n<\/li>\n<\/ul>\n<p><strong>Voie verte Seine en Essonne<\/strong><\/p>\n<ul>\n<li style=\"list-style-type: none;\">\n<ul>\n<li style=\"list-style-type: none;\">\n<ul>\n<li>12 f\u00e9vrier 2012 : <a href=\"http:\/\/www.confluence-91.org\/CEE_site\/1011 Decret amelioration securite pieton\/20120212 Debat voie verte sur la seine.pdf\">D\u00e9bat<\/a> pour une voie verte sur la Seine<\/li>\n<li><a href=\"http:\/\/www.confluence-91.org\/CEE_site\/20120212 FCDE projet voie verte Seine en Essonne\/2012 Courrier Voie bord de Seine.pdf\">Courrier<\/a> FCDE du 20 f\u00e9vrier 2012<\/li>\n<li>Pr\u00e9sentation du <a href=\"http:\/\/www.confluence-91.org\/CEE_site\/20120212 FCDE projet voie verte Seine en Essonne\/20120211 VVV Seine_AG CyclotransEurope.pdf\">projet<\/a> de f\u00e9vrier 2012<\/li>\n<\/ul>\n<\/li>\n<\/ul>\n<\/li>\n<li><span id=\"hets\">2011 : CEE &amp; FCDE (F\u00e9d\u00e9ration des Circulations Douces en Essonne)<a href=\"http:\/\/www.confluence-91.org\/CEE_site\/1011 Decret amelioration securite pieton\/110323 Lettre piste cyclables Bd Kennedy FCDE CEE Maire.pdf\"> alertent<\/a> le maire de Corbeil-Essonnes sur l&rsquo;am\u00e9nagement des pistes cyclables du Bd Kennedy, dangereux et non conforme \u00e0 la loi handicap de 2005<\/span>. Le Conseil G\u00e9n\u00e9ral <a href=\"http:\/\/www.confluence-91.org\/CEE_site\/110323 Bd Kennedy piste et troittoirs\/20110411 CG amenagement kennedy 1.pdf\">suit<\/a> la demande.<\/li>\n<li>2009 :\n<ul>\n<li><span id=\"hets\"><b>Acc\u00e8s des pi\u00e9tons \u00e0 la zone commerciale EXONA et entretien des trottoirs<\/b> &#8211; Janvier 2009<\/span> <span id=\"hets\">Compte tenu du danger que repr\u00e9sente pour les pi\u00e9tons l&rsquo;acc\u00e8s \u00e0 Exona par l&rsquo;avenue du 8 mai 1945 ainsi que de l&rsquo;absence d&rsquo;entretien des zones \u00e0 proximit\u00e9 de la gare, l&rsquo;association alerte monsieur le S\u00e9nateur Maire de Corbeil-Essonnes. Lire le <a href=\"http:\/\/www.confluence-91.org\/CEE_site\/20090107 lettre au maire sur acces Exona et entretien.pdf\" target=\"_blank\" rel=\"noopener noreferrer\">courrier<\/a>.<\/span> F\u00e9vrier 2012, constatant l&rsquo;absence d&rsquo;actions sur l&rsquo;am\u00e9nagement des acc\u00e8s pi\u00e9tons, CEE renouvelle sa demande \u00e0 la municipalit\u00e9. Lire le <a href=\"http:\/\/www.confluence-91.org\/CEE_site\/ATAC Auchan Exona\/20120204 Acces Exona.pdf\" target=\"_new\" rel=\"noopener noreferrer\">courrie<\/a>r <span id=\"hets\">La mairie nous r\u00e9pond. Lire son <a href=\"http:\/\/www.confluence-91.org\/CEE_site\/20090117 Reponse MairieCorbJLRrepExona.jpg\" target=\"_blank\" rel=\"noopener noreferrer\">courrier<\/a>. Des travaux d&rsquo;am\u00e9nagement sont entrepris en 2020.<\/span><\/li>\n<\/ul>\n<\/li>\n<li><span id=\"hets\">2009 &#8211; 2011 <\/span>\n<ul>\n<li><span id=\"hets\"><b>Entretien du parking ATAC (Pigeons &amp; poubelles) &#8211; <\/b>Juin 2009<\/span> <span id=\"hets\">Trop de pigeons et des poubelles \u00e0 l&rsquo;air libre sur le parking ATAC. Nous alertons les services charg\u00e9s de l&rsquo;entretien de ce lieu. Lire le <a href=\"http:\/\/www.confluence-91.org\/CEE_site\/090611 parking ATAC.pdf\">courrier<\/a> et la <a href=\"http:\/\/www.confluence-91.org\/CEE_site\/090618 Reponse parking ATAC.pdf\">r\u00e9ponse<\/a>.<\/span> Le 25 octobre 2010, CEE <a href=\"http:\/\/www.confluence-91.org\/CEE_site\/ATAC Auchan Exona\/101024 Auchan.pdf\" target=\"_parent\" rel=\"noopener noreferrer\">intervient<\/a> de nouveau. Le 31 mars 2011 un <a href=\"http:\/\/www.confluence-91.org\/CEE_site\/ATAC Auchan Exona\/110331 lettre direction Auchan poubelles.pdf\">courrier<\/a> est adress\u00e9 \u00e0 la direction Auchan pour obtenir leur aide \u00e0 r\u00e9soudre cette question de poubelles des \u00e9tablissements de restauration rapide qui devient une nuisance au vu de tous. Le 12 avril 2011, un pare vue est <a href=\"http:\/\/www.confluence-91.org\/CEE_site\/ATAC Auchan Exona\/20110420_Immochan_travaux.pdf\" target=\"_new\" rel=\"noopener noreferrer\">mis en place<\/a>.<\/li>\n<\/ul>\n<\/li>\n<\/ul>\n<p>[\/vc_column_text][\/vc_column][\/vc_row]<\/p>\n<\/div>","protected":false},"excerpt":{"rendered":"<p>[vc_row][vc_column][vc_column_text css=\u00a0\u00bb.vc_custom_1588770977875{margin-top: -80px !important;}\u00a0\u00bb] Avril 2024 : l&rsquo;institut Paris R\u00e9gion lance une enqu\u00eate r\u00e9gionale sur la mobilit\u00e9 des franciliens 13 f\u00e9vrier 2022 : Barom\u00e8tre des villes cyclables :\u00a0\u00a0la F\u00e9d\u00e9ration des Usagers de la Bicyclette vient de rendre publics les r\u00e9sultats de son nouveau\u00a0barom\u00e8tre des villes cyclables, pour le d\u00e9partement de l\u2019Essonne :\u00a0lire l\u2019article du parisien<br \/><a href=\"https:\/\/corbeil-essonnes-environnement.org\/?page_id=687\" class=\"more\">Lire la suite<\/a><\/p>\n","protected":false},"author":1,"featured_media":0,"parent":0,"menu_order":0,"comment_status":"closed","ping_status":"closed","template":"","meta":{"footnotes":""},"class_list":["post-687","page","type-page","status-publish","hentry"],"_links":{"self":[{"href":"https:\/\/corbeil-essonnes-environnement.org\/index.php?rest_route=\/wp\/v2\/pages\/687","targetHints":{"allow":["GET"]}}],"collection":[{"href":"https:\/\/corbeil-essonnes-environnement.org\/index.php?rest_route=\/wp\/v2\/pages"}],"about":[{"href":"https:\/\/corbeil-essonnes-environnement.org\/index.php?rest_route=\/wp\/v2\/types\/page"}],"author":[{"embeddable":true,"href":"https:\/\/corbeil-essonnes-environnement.org\/index.php?rest_route=\/wp\/v2\/users\/1"}],"replies":[{"embeddable":true,"href":"https:\/\/corbeil-essonnes-environnement.org\/index.php?rest_route=%2Fwp%2Fv2%2Fcomments&post=687"}],"version-history":[{"count":5,"href":"https:\/\/corbeil-essonnes-environnement.org\/index.php?rest_route=\/wp\/v2\/pages\/687\/revisions"}],"predecessor-version":[{"id":2705,"href":"https:\/\/corbeil-essonnes-environnement.org\/index.php?rest_route=\/wp\/v2\/pages\/687\/revisions\/2705"}],"wp:attachment":[{"href":"https:\/\/corbeil-essonnes-environnement.org\/index.php?rest_route=%2Fwp%2Fv2%2Fmedia&parent=687"}],"curies":[{"name":"wp","href":"https:\/\/api.w.org\/{rel}","templated":true}]}}

Droits du piéton &#8211; liaisons douces

<div class="wpb-content-wrapper"><p>[vc_row][vc_column][vc_column_text css= ».vc_custom_1588770977875{margin-top: -80px !important;} »]</p>
<ul>
<li>Avril 2024 : l&rsquo;institut Paris Région lance une <a href="https://www.institutparisregion.fr/mobilite-et-transports/deplacements/enquete-regionale-sur-la-mobilite-des-franciliens/" target="_blank" rel="noopener">enquête</a> régionale sur la mobilité des franciliens</li>
<li>13 février 2022 : Baromètre des villes cyclables : <span dir="ltr" role="presentation"> la Fédération des Usagers de la B</span><span dir="ltr" role="presentation">icyclette vient de rendre publics les résultats de son nouveau </span><span dir="ltr" role="presentation">baromètre des villes cyclables,</span>
<ul>
<li>pour le département de l’Essonne : <a href="https://corbeil-essonnes-environnement.org/wp-content/uploads/2022/02/20220213_Barometre_des_villes-cyclables-LeParisien.pdf" target="_blank" rel="noopener">lire l’article du parisien</a></li>
<li>pour la ville de Corbeil-Essonnes : <a href="https://corbeil-essonnes-environnement.org/wp-content/uploads/2022/02/20220213_barometre_corbeil-essonnes.jpg" target="_blank" rel="noopener">consulter les résultats sur 75 contributions</a></li>
</ul>
</li>
<li>Corbeil Essonnes Environnement est adhérente à la <a href="http://www.circulationsdouces91.org" target="_blank" rel="noopener noreferrer">Fédération des Circulations Douces en Essonne</a> (FCDE)</li>
<li>Vélo : <a href="http://www.confluence-91.org/CEE_site/1011 Decret amelioration securite pieton/velo - des clefs pour reussir la transition.pdf" target="_new" rel="noopener noreferrer">clef</a> pour réussir la transition</li>
<li><span id="hets">Lire les notices du CERTU<a href="http://www.confluence-91.org/CEE_site/1011 Decret amelioration securite pieton/Chem-ASUV-Ecran.pdf"> 1</a>, <a href="http://www.confluence-91.org/CEE_site/1011 Decret amelioration securite pieton/Fiche01-TraversePieton-Ecran.pdf">2</a>, <a href="http://www.confluence-91.org/CEE_site/1011 Decret amelioration securite pieton/Fiche02-Trottoirs-Ecran.pdf">3</a> précisant les règles de traversée des piétons sur la voir publique</span></li>
</ul>
<ul>
<li>2020 :
<ul>
<li>Le Cerema publie son projet d&rsquo;aménagements cyclables : <a href="https://corbeil-essonnes-environnement.org/wp-content/uploads/2020/05/20200505-amenagementscyclablesprovisoires-vf_cerema-r.pdf" target="_blank" rel="noopener noreferrer">tester pour aménager durablement</a>, dans le cadre du déconfinement attendu à partit de mai 2020</li>
<li>la région Île-de-France publie le plan <a href="https://corbeil-essonnes-environnement.org/wp-content/uploads/2020/04/Region_IDF_RER_Plan_VELO_V7b_JPG.jpg" target="_blank" rel="noopener noreferrer">RER vélo</a>, Corbeil-Esonnes y figure</li>
</ul>
</li>
<li>2017 :
<ul>
<li>la région Île-de-France adopte le <a href="http://www.confluence-91.org/CEE_site/1011 Decret amelioration securite pieton/RAPportCR2017-77RAP.pdf" target="_new" rel="noopener noreferrer">plan vélo régional</a></li>
</ul>
</li>
<li>2016 :
<ul>
<li>la fédération FCDE communique sur le plan vélo de la région</li>
<li>le <a href="http://www.confluence-91.org/CEE_site/1011 Decret amelioration securite pieton/2016 livret-tourisme-v4-160317_2016 03 1.pdf" target="_new" rel="noopener noreferrer">tourisme en vélo</a> se développe</li>
</ul>
</li>
<li>2013 : Liaisons douces
<ul>
<li>19 mars, restitution du diagnostic en <a href="http://www.confluence-91.org/CEE_site/1011 Decret amelioration securite pieton/20130319_schemadirectcirculdouces_diagnostic COTECH.pdf" target="_new" rel="noopener noreferrer">comité technique</a>, 31 mai <a href="http://www.confluence-91.org/CEE_site/1011 Decret amelioration securite pieton/20130531_PH3_Cotech_Circu_douces.pdf" target="_new" rel="noopener noreferrer">présentation phase 3</a>, août <a href="http://www.confluence-91.org/CEE_site/1011 Decret amelioration securite pieton/201308xx Schema directeur liaison douce plan action phase 3.pdf" target="_new" rel="noopener noreferrer">plan d&rsquo;action</a> phase 3.</li>
<li>Septembre : le film de 20&prime; sur les sentes de Corbeil-Essonnes est réalisé par plusieurs membres de CEE. <a href="https://youtu.be/SOAKNumFEE8" target="_blank" rel="noopener noreferrer">Voir le film</a> sur Youtube, voir le <a href="https://corbeil-essonnes-environnement.org/wp-content/uploads/2020/05/2013-plan-des-sentes-de-Corbeil-Essonnes-r.pdf" target="_blank" rel="noopener noreferrer">plan</a> des sentes</li>
</ul>
</li>
<li>2012 :
<ul>
<li>28 oct &amp; 17 dec 2012 restitution du diagnostic de l&rsquo;étude circulation douce au <a href="http://www.confluence-91.org/CEE_site/1011 Decret amelioration securite pieton/20121028 restitution du diagnostic Présentation COTECH 1.pdf" target="_new" rel="noopener noreferrer">comité technique</a> et au <a href="http://www.confluence-91.org/CEE_site/1011 Decret amelioration securite pieton/20121217 Restitution du diagnostic liaisons douces COPIL.pdf" target="_new" rel="noopener noreferrer">comité de pilotage</a>.</li>
<li>7 décembre 2012 &#8211; Campagne d&rsquo;affichage sur la ville : L&rsquo;association souhaite faire le point au sujet de l&rsquo;affichage publicitaire sur la ville et appelle ses adhérents et sympathisants à nous adresser les photos des panneaux, abribus, poteaux, stationnement de scooters, &#8230;, et tout objet dont l&#8217;emplacement représenterait une pollution visuelle ou une gêne pour les personnes à mobilité réduite, les mamans avec enfants et les piétons en général. Un retour sera fait lors de notre assemblée générale en Mars prochain.</li>
<li>Circulations douces : La communauté d&rsquo;agglomération Seine Essonne a démarré le schéma directeur des circulations douces. Le <a href="http://www.confluence-91.org/CEE_site/1011 Decret amelioration securite pieton/20121126_CASE_schema_directeur_circulationsdouces.pdf" target="_new" rel="noopener noreferrer">diagnostic</a> réalisé par le cabinet Inddigo est disponible et a été présenté le 29 novembre 2012. CEE a <a href="http://www.confluence-91.org/CEE_site/1011 Decret amelioration securite pieton/20121201 Demande particip schema circulations douces.pdf" target="_new" rel="noopener noreferrer">demandé</a> à participer à ce projet.</li>
</ul>
</li>
</ul>
<p><strong>Voie verte Seine en Essonne</strong></p>
<ul>
<li style="list-style-type: none;">
<ul>
<li style="list-style-type: none;">
<ul>
<li>12 février 2012 : <a href="http://www.confluence-91.org/CEE_site/1011 Decret amelioration securite pieton/20120212 Debat voie verte sur la seine.pdf">Débat</a> pour une voie verte sur la Seine</li>
<li><a href="http://www.confluence-91.org/CEE_site/20120212 FCDE projet voie verte Seine en Essonne/2012 Courrier Voie bord de Seine.pdf">Courrier</a> FCDE du 20 février 2012</li>
<li>Présentation du <a href="http://www.confluence-91.org/CEE_site/20120212 FCDE projet voie verte Seine en Essonne/20120211 VVV Seine_AG CyclotransEurope.pdf">projet</a> de février 2012</li>
</ul>
</li>
</ul>
</li>
<li><span id="hets">2011 : CEE &amp; FCDE (Fédération des Circulations Douces en Essonne)<a href="http://www.confluence-91.org/CEE_site/1011 Decret amelioration securite pieton/110323 Lettre piste cyclables Bd Kennedy FCDE CEE Maire.pdf"> alertent</a> le maire de Corbeil-Essonnes sur l&rsquo;aménagement des pistes cyclables du Bd Kennedy, dangereux et non conforme à la loi handicap de 2005</span>. Le Conseil Général <a href="http://www.confluence-91.org/CEE_site/110323 Bd Kennedy piste et troittoirs/20110411 CG amenagement kennedy 1.pdf">suit</a> la demande.</li>
<li>2009 :
<ul>
<li><span id="hets"><b>Accès des piétons à la zone commerciale EXONA et entretien des trottoirs</b> &#8211; Janvier 2009</span> <span id="hets">Compte tenu du danger que représente pour les piétons l&rsquo;accès à Exona par l&rsquo;avenue du 8 mai 1945 ainsi que de l&rsquo;absence d&rsquo;entretien des zones à proximité de la gare, l&rsquo;association alerte monsieur le Sénateur Maire de Corbeil-Essonnes. Lire le <a href="http://www.confluence-91.org/CEE_site/20090107 lettre au maire sur acces Exona et entretien.pdf" target="_blank" rel="noopener noreferrer">courrier</a>.</span> Février 2012, constatant l&rsquo;absence d&rsquo;actions sur l&rsquo;aménagement des accès piétons, CEE renouvelle sa demande à la municipalité. Lire le <a href="http://www.confluence-91.org/CEE_site/ATAC Auchan Exona/20120204 Acces Exona.pdf" target="_new" rel="noopener noreferrer">courrie</a>r <span id="hets">La mairie nous répond. Lire son <a href="http://www.confluence-91.org/CEE_site/20090117 Reponse MairieCorbJLRrepExona.jpg" target="_blank" rel="noopener noreferrer">courrier</a>. Des travaux d&rsquo;aménagement sont entrepris en 2020.</span></li>
</ul>
</li>
<li><span id="hets">2009 &#8211; 2011 </span>
<ul>
<li><span id="hets"><b>Entretien du parking ATAC (Pigeons &amp; poubelles) &#8211; </b>Juin 2009</span> <span id="hets">Trop de pigeons et des poubelles à l&rsquo;air libre sur le parking ATAC. Nous alertons les services chargés de l&rsquo;entretien de ce lieu. Lire le <a href="http://www.confluence-91.org/CEE_site/090611 parking ATAC.pdf">courrier</a> et la <a href="http://www.confluence-91.org/CEE_site/090618 Reponse parking ATAC.pdf">réponse</a>.</span> Le 25 octobre 2010, CEE <a href="http://www.confluence-91.org/CEE_site/ATAC Auchan Exona/101024 Auchan.pdf" target="_parent" rel="noopener noreferrer">intervient</a> de nouveau. Le 31 mars 2011 un <a href="http://www.confluence-91.org/CEE_site/ATAC Auchan Exona/110331 lettre direction Auchan poubelles.pdf">courrier</a> est adressé à la direction Auchan pour obtenir leur aide à résoudre cette question de poubelles des établissements de restauration rapide qui devient une nuisance au vu de tous. Le 12 avril 2011, un pare vue est <a href="http://www.confluence-91.org/CEE_site/ATAC Auchan Exona/20110420_Immochan_travaux.pdf" target="_new" rel="noopener noreferrer">mis en place</a>.</li>
</ul>
</li>
</ul>
<p>[/vc_column_text][/vc_column][/vc_row]</p>
</div>

<p>[vc_row][vc_column][vc_column_text css= ».vc_custom_1588770977875{margin-top: -80px !important;} »] Avril 2024 : l&rsquo;institut Paris Région lance une enquête régionale sur la mobilité des franciliens 13 février 2022 : Baromètre des villes cyclables :  la Fédération des Usagers de la Bicyclette vient de rendre publics les résultats de son nouveau baromètre des villes cyclables, pour le département de l’Essonne : lire l’article du parisien<br /><a href="https://corbeil-essonnes-environnement.org/?page_id=687" class="more">Lire la suite</a></p>
