{"id":572,"date":"2020-04-15T14:17:52","date_gmt":"2020-04-15T12:17:52","guid":{"rendered":"https:\/\/corbeil-essonnes-environnement.org\/?page_id=572"},"modified":"2025-03-06T10:05:06","modified_gmt":"2025-03-06T09:05:06","slug":"les-sols-hydrologie-des-sols","status":"publish","type":"page","link":"https:\/\/corbeil-essonnes-environnement.org\/?page_id=572","title":{"rendered":"Les sols &#038; Zones humides"},"content":{"rendered":"<div class=\"wpb-content-wrapper\"><p>[vc_row][vc_column][vc_column_text css=\u00a0\u00bb.vc_custom_1588929308519{margin-top: -80px !important;}\u00a0\u00bb]<\/p>\n<h3>La nature des sols, Zones humides<\/h3>\n<p>la ville est situ\u00e9e \u00e0 la confluence de la Seine et de l&rsquo;Essonne, l&rsquo;eau est omnipr\u00e9sente dans les sols, voir une <a href=\"https:\/\/youtu.be\/PD9oymMMIqA\" target=\"_blank\" rel=\"noopener noreferrer\">video<\/a> \u00e9difiante<\/p>\n<ul>\n<li style=\"text-align: left;\">F\u00e9vrier 2025 :\n<ul>\n<li>La journ\u00e9e mondiale des zones humides a lieu chaque ann\u00e9e le 2 f\u00e9vrier. Le mois de f\u00e9vrier est ponctu\u00e9 d&rsquo;animations afin de sensibiliser le public aux enjeux li\u00e9s aux zones humides.<br \/>\nLe samedi 22 f\u00e9vrier 2025 de 13h30 \u00e0 16h30, nous proposons des animations, tout public, autour de leurs r\u00f4les et de la biodiversit\u00e9 qu&rsquo;elles accueillent. Ce sera aussi l&rsquo;occasion de faire connaitre la zone humide du Cirque naturel de l&rsquo;Essonne, situ\u00e9e \u00e0 Corbeil-Essonnes, avant les travaux de restauration et d&rsquo;am\u00e9nagement pr\u00e9vus au cours de l&rsquo;ann\u00e9e.<br \/>\nPr\u00e9servons les !<\/li>\n<\/ul>\n<\/li>\n<\/ul>\n<ul>\n<li><img loading=\"lazy\" decoding=\"async\" class=\" wp-image-2961 aligncenter\" src=\"https:\/\/corbeil-essonnes-environnement.org\/wp-content\/uploads\/2025\/02\/2025_0222_zone_humide_cirque_animation.png\" alt=\"\" width=\"728\" height=\"613\" srcset=\"https:\/\/corbeil-essonnes-environnement.org\/wp-content\/uploads\/2025\/02\/2025_0222_zone_humide_cirque_animation.png 888w, https:\/\/corbeil-essonnes-environnement.org\/wp-content\/uploads\/2025\/02\/2025_0222_zone_humide_cirque_animation-300x253.png 300w, https:\/\/corbeil-essonnes-environnement.org\/wp-content\/uploads\/2025\/02\/2025_0222_zone_humide_cirque_animation-768x647.png 768w\" sizes=\"auto, (max-width: 728px) 100vw, 728px\" \/><\/li>\n<\/ul>\n<p>11 F\u00e9vrier 2024 : Zones humides<\/p>\n<ul>\n<li style=\"list-style-type: none;\">\n<ul>\n<li>Cette matin\u00e9e de sensibilisation a permis d&rsquo;aborder ce que sont les zones humides et leurs fonctions.<\/li>\n<li>Selon le code de l&rsquo;environnement, les zones humides sont <strong>\u00ab<\/strong> <strong>des terrains, exploit\u00e9s ou non, habituellement inond\u00e9s ou gorg\u00e9s d&rsquo;eau, sal\u00e9e ou saum\u00e2tre de fa\u00e7on permanente ou temporaire, o\u00f9 la v\u00e9g\u00e9tation, quand elle existe, y est domin\u00e9e par des plantes hygrophiles pendant au moins une partie de l&rsquo;ann\u00e9e<\/strong><strong>\u00bb<\/strong>.\u00a0 (article. L.211-1 du code de l&rsquo;environnement)<\/li>\n<\/ul>\n<\/li>\n<\/ul>\n<ul>\n<li style=\"list-style-type: none;\">\n<ul>\n<li>Les zones humides jouent un r\u00f4le important de par leur fonctions et les services qu&rsquo;elles rendent \u00e0 notre soci\u00e9t\u00e9 :\n<ul>\n<li><strong>Fonctions hydrologiques<\/strong> : stockage et restitution de l&rsquo;eau, r\u00e9gulation des crues, alimentation des cours d&rsquo;eau&#8230;<strong>\u00ab\u00a0une \u00e9ponge naturelle\u00a0\u00bb<\/strong> qui permet de pr\u00e9server l&rsquo;eau en quantit\u00e9<\/li>\n<li><strong>Fonctions \u00e9puratoire<\/strong>s : pi\u00e9geage, apport, d\u00e9gradation et transformations biochimiques des \u00e9l\u00e9ments organiques et min\u00e9raux, protection de la qualit\u00e9 des eaux&#8230;<strong>\u00ab\u00a0un<\/strong> <strong>filtre naturel\u00a0\u00bb<\/strong> qui permet de pr\u00e9server l&rsquo;eau en qualit\u00e9<\/li>\n<li><strong>Fonctions biologiques<\/strong> : production biologique \u00e9lev\u00e9e, pr\u00e9sence d&rsquo;un grand nombre d&rsquo;habitats et d&rsquo;esp\u00e8ces animales et v\u00e9g\u00e9tales souvent remarquables&#8230;<strong>\u00ab\u00a0un <\/strong>r\u00e9servoir <strong>naturel de vie\u00a0\u00bb<\/strong> assur\u00e9 par la pr\u00e9sence fluctuante de l&rsquo;eau.<\/li>\n<li><strong>Fonctions climatiques : <\/strong>stockage du carbone, r\u00e9gulation climatique&#8230;<strong>\u00ab\u00a0un thermor\u00e9gulateur naturel\u00a0\u00bb<\/strong><\/li>\n<\/ul>\n<\/li>\n<\/ul>\n<p>Les zones humides sont ainsi des <strong>\u00ab\u00a0infrastructures naturelles\u00a0\u00bb.<\/strong><\/p>\n<p>De par leurs fonctions et leurs services, les zones humides r\u00e9pondent aux grands enjeux de notre soci\u00e9t\u00e9 actuelle et future notamment pour la protection et la ressource en eau et de la diversit\u00e9 biologique, dans un contexte de changement climatique.<img loading=\"lazy\" decoding=\"async\" class=\"wp-image-2758 aligncenter\" src=\"https:\/\/corbeil-essonnes-environnement.org\/wp-content\/uploads\/2024\/05\/IMG-20240211-WA0005-1024x461.jpg\" alt=\"\" width=\"621\" height=\"280\" srcset=\"https:\/\/corbeil-essonnes-environnement.org\/wp-content\/uploads\/2024\/05\/IMG-20240211-WA0005-1024x461.jpg 1024w, https:\/\/corbeil-essonnes-environnement.org\/wp-content\/uploads\/2024\/05\/IMG-20240211-WA0005-300x135.jpg 300w, https:\/\/corbeil-essonnes-environnement.org\/wp-content\/uploads\/2024\/05\/IMG-20240211-WA0005-768x346.jpg 768w, https:\/\/corbeil-essonnes-environnement.org\/wp-content\/uploads\/2024\/05\/IMG-20240211-WA0005-1536x691.jpg 1536w, https:\/\/corbeil-essonnes-environnement.org\/wp-content\/uploads\/2024\/05\/IMG-20240211-WA0005-1320x594.jpg 1320w, https:\/\/corbeil-essonnes-environnement.org\/wp-content\/uploads\/2024\/05\/IMG-20240211-WA0005.jpg 1600w\" sizes=\"auto, (max-width: 621px) 100vw, 621px\" \/><\/li>\n<li style=\"list-style-type: none;\">\n<h3><em><img loading=\"lazy\" decoding=\"async\" class=\"wp-image-2517 aligncenter\" src=\"https:\/\/corbeil-essonnes-environnement.org\/wp-content\/uploads\/2024\/02\/2024_02111_ZH-1024x461.jpg\" alt=\"\" width=\"631\" height=\"284\" srcset=\"https:\/\/corbeil-essonnes-environnement.org\/wp-content\/uploads\/2024\/02\/2024_02111_ZH-1024x461.jpg 1024w, https:\/\/corbeil-essonnes-environnement.org\/wp-content\/uploads\/2024\/02\/2024_02111_ZH-300x135.jpg 300w, https:\/\/corbeil-essonnes-environnement.org\/wp-content\/uploads\/2024\/02\/2024_02111_ZH-768x346.jpg 768w, https:\/\/corbeil-essonnes-environnement.org\/wp-content\/uploads\/2024\/02\/2024_02111_ZH-1536x691.jpg 1536w, https:\/\/corbeil-essonnes-environnement.org\/wp-content\/uploads\/2024\/02\/2024_02111_ZH-1320x594.jpg 1320w, https:\/\/corbeil-essonnes-environnement.org\/wp-content\/uploads\/2024\/02\/2024_02111_ZH.jpg 1600w\" sizes=\"auto, (max-width: 631px) 100vw, 631px\" \/><\/em><\/h3>\n<h3><em><img loading=\"lazy\" decoding=\"async\" class=\" wp-image-2469 aligncenter\" src=\"https:\/\/corbeil-essonnes-environnement.org\/wp-content\/uploads\/2024\/02\/2024_0211_Decouverte-H_Coirque-722x1024.jpg\" alt=\"\" width=\"537\" height=\"762\" srcset=\"https:\/\/corbeil-essonnes-environnement.org\/wp-content\/uploads\/2024\/02\/2024_0211_Decouverte-H_Coirque-722x1024.jpg 722w, https:\/\/corbeil-essonnes-environnement.org\/wp-content\/uploads\/2024\/02\/2024_0211_Decouverte-H_Coirque-211x300.jpg 211w, https:\/\/corbeil-essonnes-environnement.org\/wp-content\/uploads\/2024\/02\/2024_0211_Decouverte-H_Coirque-768x1090.jpg 768w, https:\/\/corbeil-essonnes-environnement.org\/wp-content\/uploads\/2024\/02\/2024_0211_Decouverte-H_Coirque-1083x1536.jpg 1083w, https:\/\/corbeil-essonnes-environnement.org\/wp-content\/uploads\/2024\/02\/2024_0211_Decouverte-H_Coirque-1444x2048.jpg 1444w, https:\/\/corbeil-essonnes-environnement.org\/wp-content\/uploads\/2024\/02\/2024_0211_Decouverte-H_Coirque-1320x1873.jpg 1320w, https:\/\/corbeil-essonnes-environnement.org\/wp-content\/uploads\/2024\/02\/2024_0211_Decouverte-H_Coirque.jpg 1748w\" sizes=\"auto, (max-width: 537px) 100vw, 537px\" \/><\/em><\/h3>\n<\/li>\n<li>Octobre 2023, le <a href=\"https:\/\/www.cerema.fr\/fr\" target=\"_blank\" rel=\"noopener\">CEREMA<\/a> : <a href=\"https:\/\/corbeil-essonnes-environnement.org\/wp-content\/uploads\/2023\/10\/Super-pouvoirs-des-sols.pdf\" target=\"_blank\" rel=\"noopener\">le super pouvoir des sols<\/a><\/li>\n<li>Septembre 2023 : le <a href=\"https:\/\/reporterre.net\/Le-compost-devient-obligatoire-mais-personne-n-est-pret?utm_source=newsletter&amp;utm_medium=email&amp;utm_campaign=nl_quotidienne\" target=\"_blank\" rel=\"noopener\">compost devient obligatoire<\/a>&#8230; mais personne n\u2019est pr\u00eat, publication de Reporterre<\/li>\n<li>Mai 2023, Reporterre, Baptiste Morizot : \u00ab<small class=\"fine d-inline\">\u00a0<\/small>Le <a href=\"https:\/\/reporterre.net\/Baptiste-Morizot-Le-vivant-n-est-pas-une-petite-chose-fragile-mais-un-allie?utm_source=newsletter&amp;utm_medium=email&amp;utm_campaign=nl_quotidienne\" target=\"_blank\" rel=\"noopener\">vivant<\/a> n\u2019est pas une petite chose fragile mais un alli\u00e9<small class=\"fine d-inline\">\u00a0<\/small>\u00bb<\/li>\n<li><strong>22 F\u00e9vrier 2017<\/strong> : le bassin Seine-Normandie publie son <a href=\"http:\/\/www.confluence-91.org\/CEE_site\/SIGES - CORBEIL-ESSONNES Synthese des principales informations relatives aux eaux souterrainese r.pdf\" target=\"_new\" rel=\"noopener noreferrer\">\u00e9tude<\/a> : Synth\u00e8se des principales informations relatives aux eaux souterraines pour la commune de Corbeil-Essonnes. La ville est construite sur l&rsquo;eau et les coteaux glaiseux<\/li>\n<li><strong>22 mai 2022<\/strong> : journ\u00e9e internationale de la diversit\u00e9 biologique. A cette occasion, Carine B\u00e9card (France Inter) re\u00e7oit le pr\u00e9sident du Mus\u00e9um national d\u2019Histoire naturelle, Bruno David.\n<ul>\n<li>14% des mammif\u00e8res en France seraient menac\u00e9s d&rsquo;extinction, 32% des oiseaux nicheurs et 19% des oiseaux d&rsquo;eau douce.\u00a0Pourquoi la biodiversit\u00e9 est-elle si importante ? \u00ab\u00a0<em>Car c&rsquo;est elle qui fait que la plan\u00e8te est ce qu&rsquo;elle est<\/em>\u00ab\u00a0, explique Bruno David, naturaliste et pr\u00e9sident du Mus\u00e9um national d\u2019Histoire naturelle. \u00ab\u00a0<em>\u00c7a fait 3.800 millions d&rsquo;ann\u00e9es, un temps gigantesque, que la vie est apparue sur Terre. Il faut mettre \u00e7a en regard de notre petite esp\u00e8ce : on est l\u00e0 depuis 300.000 ans, 0,3 million d&rsquo;ann\u00e9es<\/em>.\u00a0\u00bb<\/li>\n<li><a href=\"https:\/\/www.franceinter.fr\/emissions\/l-invite-du-week-end\/l-invite-du-week-end-du-dimanche-22-mai-2022\" target=\"_blank\" rel=\"noopener\">Ecouter l&rsquo;interview<\/a>. nb : CEE ne sponsorise pas la publicit\u00e9 initiale<\/li>\n<\/ul>\n<\/li>\n<li><\/li>\n<li><strong>Octobre 2015<\/strong> :\n<ul>\n<li>Les sols sont vivants :<\/li>\n<li>D\u00e9couvrez un <a href=\"http:\/\/www.confluence-91.org\/CEE_site\/Audit environnemental\/20150906 sol un monde vivant.pdf\" target=\"_new\" rel=\"noopener noreferrer\">document<\/a> tr\u00e8s p\u00e9dagogique sur les sols d\u00e9velopp\u00e9 par l&rsquo;Europe, ainsi qu&rsquo;un instructif <a href=\"https:\/\/corbeil-essonnes-environnement.org\/wp-content\/uploads\/video\/Parlons_des_sols.mp4\" target=\"_blank\" rel=\"noopener noreferrer\">film<\/a> de 5&prime; pour comprendre pourquoi prot\u00e9ger nos sols.<\/li>\n<li>Retrouver les animations vid\u00e9os pr\u00e9sent\u00e9es lors du forum des associations 2016 : <a href=\"http:\/\/www.confluence-91.org\/CEE_site\/Forum_des_associations\/Eau_et_changement_climatique_adaptons_nous.flv\" target=\"_new\" rel=\"noopener noreferrer\">Eau et changement climatique<\/a><\/li>\n<\/ul>\n<\/li>\n<li><strong>5 d\u00e9cembre 2014<\/strong> : Colloque de la journ\u00e9e mondiale des sols, <a href=\"http:\/\/www.lajourneemondialedessols.org\/\" target=\"_new\" rel=\"noopener noreferrer\">le compte rendu<\/a>.<\/li>\n<li><strong>5 d\u00e9cembre 2013<\/strong> : <a href=\"http:\/\/www.confluence-91.org\/CEE_site\/Audit environnemental\/20131205 Journee mondiale des sols.pdf\" target=\"_new\" rel=\"noopener noreferrer\">Journ\u00e9e mondiale des sols<\/a>, Natureparif et l&rsquo;AFES (association fran\u00e7aise pour l&rsquo;\u00e9tude des sols) ont organis\u00e9 un colloque auquel CEE a particip\u00e9. Un <a href=\"http:\/\/www.confluence-91.org\/CEE_site\/Audit environnemental\/2013 batiment-et-construction-pistes-pour-une-transition-ecologique.pdf\" target=\"_new\" rel=\"noopener noreferrer\">document<\/a> incluant des propositions \u00a0en mati\u00e8re de gestion de sols lors de leur urbanisation est disponible et un tableau en annexe p32 et33 sur l&rsquo;\u00e9valuation de la performance \u00e9cologique d&rsquo;un projet de construction est particuli\u00e8rement int\u00e9ressant pour notre connaissance et affiner nos arguments.<\/li>\n<li><span id=\"hets8\"><strong>En 2010 :<\/strong> nous constatons que les pompages d&rsquo;eau dans les sous-sols de nouveaux immeubles sont permanents, l&rsquo;eau est directement rejet\u00e9e dans les \u00e9gouts de la ville, ce qui est non conforme.<\/span><\/li>\n<li><span id=\"hets8\"><strong>14 octobre 2010<\/strong>, CEE r\u00e9it\u00e8re sa <a href=\"http:\/\/www.confluence-91.org\/CEE_site\/Audit environnemental\/101014_HUCHON_CRIDF_Dde_audit_environnemental.pdf\">demande<\/a> d&rsquo;audit environnemental, jamais r\u00e9alis\u00e9, pr\u00e9alable indispensable \u00e0 toute \u00e9laboration de PLU et dont la r\u00e9alisation avait \u00e9t\u00e9 cependant act\u00e9e en conseil municipal en 2005.<\/span><\/li>\n<\/ul>\n<h3><\/h3>\n<h3><span id=\"hets2\"><strong>Hydrog\u00e9ologie des sols<\/strong><\/span><\/h3>\n<ul>\n<li><strong>2012 <\/strong>: Une maison est irr\u00e9m\u00e9diablement d\u00e9t\u00e9rior\u00e9e place L\u00e9on Cass\u00e9, suite \u00e0 des constructions r\u00e9centes \u00e0 proximit\u00e9 imm\u00e9diate de l\u2019<a href=\"http:\/\/www.confluence-91.org\/CEE_site\/Audit%20environnemental\/20070207_leparisien_lesfondationsdeleglisemenacees.pdf\">\u00e9glise St Etienne<\/a>, l\u2019eau dans les sous-sols est permanente. Un nouveau permis est accord\u00e9 \u00e0 quelques m\u00e8tres de l\u2019\u00e9glise. CEE a d\u00e9cid\u00e9 de faire un recours gracieux, rejet\u00e9. Une action en annulation est engag\u00e9e.<\/li>\n<li><strong>2010 <\/strong>: Nous constatons que les pompages d\u2019eau dans les sous-sols de nouveaux immeubles achev\u00e9s (place L Cass\u00e9, Place P Vailland Couturier), sont permanents, ou est rejet\u00e9e cette eau ?<\/li>\n<li><span id=\"hets2\"><strong>Octobre 2006<\/strong> : L&rsquo;association ADRCE s&rsquo;<a href=\"http:\/\/www.confluence-91.org\/CEE_site\/Audit environnemental\/20061024 Demande au ministre Olin.pdf\" target=\"_new\" rel=\"noopener noreferrer\">adresse<\/a> \u00e0 Mme la ministre de l&rsquo;\u00e9cologie et du d\u00e9veloppement durable Nelly Olin, constatant la construction de parking dans un sous sol gorg\u00e9e d&rsquo;eau, sans \u00e9tude hydrog\u00e9ologique pr\u00e9alable. Lire la <a href=\"http:\/\/www.confluence-91.org\/CEE_site\/Audit environnemental\/20070126 Reponse direction de l'eau suite courrier Olin.pdf\" target=\"_blank\" rel=\"noopener noreferrer\">r\u00e9ponse,<\/a> \u00e9mise par la Direction de l&rsquo;Eau, sans suite \u00e0 ce jour. CEE s&rsquo;adresse \u00e0 nouveau \u00e0 la pr\u00e9fecture en d\u00e9cembre 2010. A suivre, compte tenu des nombreux programmes immobilier dans des zones humides.<\/span><\/li>\n<li><span id=\"hets2\"><strong>Juin 2006<\/strong> : La municipalit\u00e9 s&rsquo;est engag\u00e9e \u00e0 r\u00e9aliser une \u00e9tude hydrog\u00e9ologique destin\u00e9e \u00e0 maitriser les impacts des constructions, suite \u00e0 une demande de CEE. Cette \u00e9tude n&rsquo;a pas \u00e9t\u00e9 r\u00e9alis\u00e9e. Lire le <a href=\"http:\/\/www.confluence-91.org\/CEE_site\/Audit environnemental\/Lettre du senateur maire concertation pb hydrologiques juin 2006 - 3.pdf\">courrier<\/a> du maire.<\/span><\/li>\n<li><strong>13 juin 2006<\/strong> : CEE \u00e9met des <a href=\"http:\/\/www.confluence-91.org\/CEE_site\/Audit environnemental\/20060613 Reserve sur PC Maurice Berteaux.pdf\" target=\"_new\" rel=\"noopener noreferrer\">r\u00e9serves<\/a> sur un permis rue Berteaux sans \u00e9tude d&rsquo;impact hydrog\u00e9ologique pr\u00e9alable et confirme sa <a href=\"http:\/\/www.confluence-91.org\/CEE_site\/Audit environnemental\/20060710 recours Maurice Berteaux- pb hydrologiques.pdf\" target=\"_new\" rel=\"noopener noreferrer\">position<\/a> le 10 juillet 2006, (la loi sur l\u2019eau ne s\u2019appliquant pas pour un terrain d\u2019assiette de moins de 10 000m\u00b2).<\/li>\n<\/ul>\n<h3><\/h3>\n<h3><strong>Retrait &amp; gonflement des argiles<\/strong><\/h3>\n<ul>\n<li><strong>30 mai 2013<\/strong> :\u00a0la presse \u00ab\u00a0<em>Essonne Info<\/em>\u00bb publie un\u00a0<a href=\"http:\/\/essonneinfo.fr\/91-essonne-info\/44546\/quand-la-montagne-de-saint-germain-secroulait\/\">article<\/a> sur la contraction des argiles qui a touch\u00e9 les communes de Saint-Germain-l\u00e8s-Corbeil et de Corbeil-Essonnes en 2001.<\/li>\n<li><span id=\"hets3\">Le mat\u00e9riau argileux pr\u00e9sente la particularit\u00e9 de voir sa consistance se modifier en fonction de sa teneur en eau. Dur et cassant lorsqu&rsquo;il est ass\u00e9ch\u00e9, un certain degr\u00e9 d&rsquo;humidit\u00e9 le fait se transformer en un mat\u00e9riau plastique et mall\u00e9able. Ces modifications de consistance peuvent s&rsquo;accompagner, en fonction de la structure particuli\u00e8re de certains min\u00e9raux argileux, de variations de volume plus ou moins cons\u00e9quentes : fortes augmentations de volume (ph\u00e9nom\u00e8ne de gonflement) lorsque la teneur en eau augmente, et inversement, r\u00e9tractation (ph\u00e9nom\u00e8ne de retrait) en p\u00e9riode de d\u00e9ficit pluviom\u00e9trique marqu\u00e9.<\/span> <span id=\"hets3\">Le ph\u00e9nom\u00e8ne de retrait-gonflement des argiles, bien que non dangereux pour l&rsquo;homme, engendre chaque ann\u00e9e sur le territoire fran\u00e7ais des d\u00e9g\u00e2ts consid\u00e9rables aux b\u00e2timents. En raison notamment de leurs fondations superficielles, les maisons individuelles sont particuli\u00e8rement vuln\u00e9rables \u00e0 ce ph\u00e9nom\u00e8ne. Partant de ce constat, le Minist\u00e8re de l&rsquo;Ecologie et du D\u00e9veloppement Durable a souhait\u00e9 mettre en place une d\u00e9marche d&rsquo;information du grand public.<\/span><\/li>\n<li><strong>Janvier 2010<\/strong> : Lire l\u2019<a href=\"http:\/\/www.confluence-91.org\/CEE_site\/PLU_ZAC_Glaises_SDRIF_SMITEC\/201001%20Glaises%20et%20fissures%20a%20Juvisy.pdf\">article<\/a> paru dans la presse suite \u00e0 d\u2019importantes anomalies dans des constructions sur les glaises de Juvisy.<\/li>\n<li><strong>Fin 2008\u00a0:<\/strong> une partie de la ville se situe en zone d\u2019al\u00e9a fort, comme la Montagne des Glaises, et le nouvel h\u00f4pital Evry-Corbeil se construit sur des zones auparavant exploit\u00e9es pour l\u2019extraction d\u2019argiles vertes. Les vides laiss\u00e9s doivent \u00eatre combl\u00e9s. Lire l\u2019<a href=\"http:\/\/www.confluence-91.org\/CEE_site\/Argiles\/BTP_%20Magazine.pdf\">article<\/a>paru dans BTP Magazine.<\/li>\n<li>Le minist\u00e8re de la transition \u00e9cologique et solidaire a mis en ligne le site Georisques\u00a0 afin que les habitants connaissent mieux les risques sur le territoire. Lire le <a href=\"http:\/\/www.confluence-91.org\/CEE_site\/Argiles\/44__dppr-secheresse-v5tbd.pdf\">document<\/a> de synth\u00e8se sur les risques associ\u00e9s et les moyens de pr\u00e9venir les cons\u00e9quences pour l\u2019habitat. L\u2019Essonne fait partie des d\u00e9partements les plus touch\u00e9s par cet al\u00e9a, et acc\u00e9der au site pour voir la situation de\u00a0 Corbeil-Essonnes sur les risques d\u00e9tail la situation de\u00a0<a href=\"http:\/\/www.georisques.gouv.fr\/connaitre_les_risques_pres_de_chez_soi\/ma_commune_face_aux_risques\/rapport?codeInsee=91174\" target=\"_blank\" rel=\"noopener noreferrer\">Corbeil-Essonnes<\/a> face \u00e0 l&rsquo;ensemble des risques<\/li>\n<\/ul>\n<p>[\/vc_column_text][\/vc_column][\/vc_row]<\/p>\n<\/div>","protected":false},"excerpt":{"rendered":"<p>[vc_row][vc_column][vc_column_text css=\u00a0\u00bb.vc_custom_1588929308519{margin-top: -80px !important;}\u00a0\u00bb] La nature des sols, Zones humides la ville est situ\u00e9e \u00e0 la confluence de la Seine et de l&rsquo;Essonne, l&rsquo;eau est omnipr\u00e9sente dans les sols, voir une video \u00e9difiante F\u00e9vrier 2025 : La journ\u00e9e mondiale des zones humides a lieu chaque ann\u00e9e le 2 f\u00e9vrier. Le mois de f\u00e9vrier est ponctu\u00e9<br \/><a href=\"https:\/\/corbeil-essonnes-environnement.org\/?page_id=572\" class=\"more\">Lire la suite<\/a><\/p>\n","protected":false},"author":1,"featured_media":0,"parent":0,"menu_order":0,"comment_status":"closed","ping_status":"closed","template":"","meta":{"footnotes":""},"class_list":["post-572","page","type-page","status-publish","hentry"],"_links":{"self":[{"href":"https:\/\/corbeil-essonnes-environnement.org\/index.php?rest_route=\/wp\/v2\/pages\/572","targetHints":{"allow":["GET"]}}],"collection":[{"href":"https:\/\/corbeil-essonnes-environnement.org\/index.php?rest_route=\/wp\/v2\/pages"}],"about":[{"href":"https:\/\/corbeil-essonnes-environnement.org\/index.php?rest_route=\/wp\/v2\/types\/page"}],"author":[{"embeddable":true,"href":"https:\/\/corbeil-essonnes-environnement.org\/index.php?rest_route=\/wp\/v2\/users\/1"}],"replies":[{"embeddable":true,"href":"https:\/\/corbeil-essonnes-environnement.org\/index.php?rest_route=%2Fwp%2Fv2%2Fcomments&post=572"}],"version-history":[{"count":9,"href":"https:\/\/corbeil-essonnes-environnement.org\/index.php?rest_route=\/wp\/v2\/pages\/572\/revisions"}],"predecessor-version":[{"id":2977,"href":"https:\/\/corbeil-essonnes-environnement.org\/index.php?rest_route=\/wp\/v2\/pages\/572\/revisions\/2977"}],"wp:attachment":[{"href":"https:\/\/corbeil-essonnes-environnement.org\/index.php?rest_route=%2Fwp%2Fv2%2Fmedia&parent=572"}],"curies":[{"name":"wp","href":"https:\/\/api.w.org\/{rel}","templated":true}]}}