{"id":551,"date":"2020-04-15T13:36:41","date_gmt":"2020-04-15T11:36:41","guid":{"rendered":"https:\/\/corbeil-essonnes-environnement.org\/?page_id=551"},"modified":"2022-01-19T17:32:42","modified_gmt":"2022-01-19T16:32:42","slug":"inondations-et-ppri","status":"publish","type":"page","link":"https:\/\/corbeil-essonnes-environnement.org\/?page_id=551","title":{"rendered":"Inondations et PPRI"},"content":{"rendered":"<div class=\"wpb-content-wrapper\"><p>[vc_row][vc_column][vc_column_text css=\u00a0\u00bb.vc_custom_1587642694462{margin-top: -80px !important;}\u00a0\u00bb]Le Niveau des crues de la Seine au pont de Corbeil-Essonnes <em>(Cliquez sur l&rsquo;ann\u00e9e pour voir le film &#8211; en d\u00e9veloppement)<\/em><\/p>\n<table width=\"995\">\n<tbody>\n<tr>\n<td width=\"115\">Ann\u00e9e<\/td>\n<td width=\"80\"><a href=\"https:\/\/youtu.be\/rL1-FeDmo_w\" target=\"_blank\" rel=\"noopener noreferrer\">1910<\/a><\/td>\n<td width=\"80\">1924<\/td>\n<td width=\"80\"><a href=\"https:\/\/corbeil-essonnes-environnement.org\/wp-content\/uploads\/2020\/04\/Inondations-1955.pdf\" target=\"_blank\" rel=\"noopener noreferrer\">1955<\/a><\/td>\n<td width=\"80\">1959<\/td>\n<td width=\"80\">1970<\/td>\n<td width=\"80\">1978<\/td>\n<td width=\"80\"><a href=\"https:\/\/youtu.be\/2TavVlmptrQ\" target=\"_blank\" rel=\"noopener noreferrer\">1982<\/a><\/td>\n<td width=\"80\">1983<\/td>\n<td width=\"80\">2001<\/td>\n<td width=\"80\"><a href=\"https:\/\/youtu.be\/Wsl_Xcb9XIU\" target=\"_blank\" rel=\"noopener noreferrer\">2016<\/a><\/td>\n<td width=\"80\"><a href=\"https:\/\/youtu.be\/404NDLkbWxI\">2018<\/a><\/td>\n<\/tr>\n<tr>\n<td>niveau M\u00eatre<\/td>\n<td>6,15<\/td>\n<td>5,52<\/td>\n<td>5,56<\/td>\n<td>4,98<\/td>\n<td>4,52<\/td>\n<td>4,7<\/td>\n<td>5,11<\/td>\n<td>4,05<\/td>\n<td>3,91<\/td>\n<td>4,84<\/td>\n<td style=\"text-align: center;\">4,4<\/td>\n<\/tr>\n<\/tbody>\n<\/table>\n<p>&nbsp;<\/p>\n<p>Essonne Info communique : point sur les <a href=\"http:\/\/www.confluence-91.org\/CEE_site\/Inondations &amp; PPRI\/150121 Essonne Info - point sur les crues en Essonne.pdf\" target=\"_blank\" rel=\"noopener noreferrer\">crues<\/a> en Essonne[\/vc_column_text][\/vc_column][\/vc_row][vc_row][vc_column width=\u00a0\u00bb1\/3&Prime;][vc_column_text]<\/p>\n<p style=\"text-align: center;\">La crue de l&rsquo;Essonne en 1983<\/p>\n<p><img loading=\"lazy\" decoding=\"async\" class=\"alignnone size-medium wp-image-887 aligncenter\" src=\"https:\/\/corbeil-essonnes-environnement.org\/wp-content\/uploads\/2020\/04\/1983-crue-Essonne_Corbeil-Essonnes-2-216x300.png\" alt=\"\" width=\"216\" height=\"300\" srcset=\"https:\/\/corbeil-essonnes-environnement.org\/wp-content\/uploads\/2020\/04\/1983-crue-Essonne_Corbeil-Essonnes-2-216x300.png 216w, https:\/\/corbeil-essonnes-environnement.org\/wp-content\/uploads\/2020\/04\/1983-crue-Essonne_Corbeil-Essonnes-2.png 575w\" sizes=\"auto, (max-width: 216px) 100vw, 216px\" \/>[\/vc_column_text][\/vc_column][vc_column width=\u00a0\u00bb1\/3&Prime;][vc_column_text]<\/p>\n<p style=\"text-align: center;\">Trac\u00e9 des cours d&rsquo;eau<\/p>\n<p><img loading=\"lazy\" decoding=\"async\" class=\"size-medium wp-image-1392 aligncenter\" src=\"https:\/\/corbeil-essonnes-environnement.org\/wp-content\/uploads\/2020\/05\/Reseau-hydrographique-de-Corbeil-Essonnes-238x300.jpg\" alt=\"\" width=\"238\" height=\"300\" srcset=\"https:\/\/corbeil-essonnes-environnement.org\/wp-content\/uploads\/2020\/05\/Reseau-hydrographique-de-Corbeil-Essonnes-238x300.jpg 238w, https:\/\/corbeil-essonnes-environnement.org\/wp-content\/uploads\/2020\/05\/Reseau-hydrographique-de-Corbeil-Essonnes.jpg 301w\" sizes=\"auto, (max-width: 238px) 100vw, 238px\" \/>[\/vc_column_text][\/vc_column][vc_column width=\u00a0\u00bb1\/3&Prime;][vc_column_text]<\/p>\n<p style=\"text-align: center;\">BRGM Carte de remont\u00e9e de nappes<\/p>\n<p><img loading=\"lazy\" decoding=\"async\" class=\"alignnone size-medium wp-image-889 aligncenter\" src=\"https:\/\/corbeil-essonnes-environnement.org\/wp-content\/uploads\/2020\/04\/carte-remont\u00e9e-de-nappe_BRGM-284x300.png\" alt=\"\" width=\"284\" height=\"300\" srcset=\"https:\/\/corbeil-essonnes-environnement.org\/wp-content\/uploads\/2020\/04\/carte-remont\u00e9e-de-nappe_BRGM-284x300.png 284w, https:\/\/corbeil-essonnes-environnement.org\/wp-content\/uploads\/2020\/04\/carte-remont\u00e9e-de-nappe_BRGM.png 600w\" sizes=\"auto, (max-width: 284px) 100vw, 284px\" \/>[\/vc_column_text][\/vc_column][\/vc_row][vc_row][vc_column][vc_column_text]<\/p>\n<h3><strong>Nappe de Beauce<\/strong><\/h3>\n<ul>\n<li>Une information compl\u00e9mentaire en amont du PPRI Essonne, rivi\u00e8re d\u00e9pendant de la nappe de Beauce :<br \/>\nLe projet de Sch\u00e9ma d&rsquo;Am\u00e9nagement et de Gestion des Eaux de la nappe de Beauce et des milieux aquatiques associ\u00e9s doit \u00eatre soumis \u00e0 l&rsquo;enqu\u00eate publique. Derni\u00e8re \u00e9tape dans la proc\u00e9dure d&rsquo;approbation du SAGE, cette enqu\u00eate se d\u00e9roulera sur l&rsquo;ensemble du territoire concern\u00e9 du 23 janvier 2012 au 9 mars 2012 inclus. Cette enqu\u00eate a pour objet d&rsquo;informer le public et de recueillir ses appr\u00e9ciations. Elle porte sur le projet de SAGE adopt\u00e9 par la Commission Locale de l&rsquo;Eau (CLE) le 15 septembre 2010. Le dossier complet accompagn\u00e9 de l&rsquo;\u00e9valuation environnementale et des avis recueillis aupr\u00e8s des collectivit\u00e9s est consultable dans chacune des 681 communes concern\u00e9es par le SAGE. Des registres de recueil des observations sont disponibles dans 70 communes. Les commissaires enqu\u00eateurs recevront le public lors de permanences organis\u00e9es dans 36 communes du territoire.<\/li>\n<\/ul>\n<h3>Les crues<\/h3>\n<p><strong>2018<\/strong><\/p>\n<ul>\n<li>Le <a href=\"https:\/\/youtu.be\/404NDLkbWxI\" target=\"_blank\" rel=\"noopener noreferrer\">film<\/a>, le <a href=\"https:\/\/youtu.be\/oeAtfTsUl6U\">diaporama<\/a>.<\/li>\n<\/ul>\n<h3>mai-juin 2016 :<\/h3>\n<ul>\n<li><a href=\"http:\/\/www.confluence-91.org\/CEE_site\/Inondations%20&amp;%20PPRI\/2016_Inondations_mai_juin_%20corbeil_Essonnes.flv\" target=\"_new\" rel=\"noopener noreferrer\">Video<\/a> des inondations de mai-juin \u00e0 Corbeil-Essonnes, quelques <a href=\"https:\/\/corbeil-essonnes-environnement.org\/wp-content\/uploads\/2020\/04\/201606-Inondation-Corbeil-Essonnes-r.pdf\" target=\"_blank\" rel=\"noopener noreferrer\">photos<\/a>.<\/li>\n<li>CEE <a href=\"http:\/\/www.confluence-91.org\/CEE_site\/Inondations &amp; PPRI\/20160622 lettre au maire - reunion inondation.pdf\">adresse<\/a> \u00e0 Monsieur le maire le 22 juin 2016 une demande de r\u00e9unions cons\u00e9cutives aux inondations entre le 28 mai et le 12 juin afin de tirer les enseignements de ces \u00e9v\u00e9nements (Plan d&rsquo;urbanisme, Plan de Pr\u00e9vention du Risque Inondation). La r\u00e9union a eu lieue le 16 septembre.<\/li>\n<li>CEE <a href=\"http:\/\/www.confluence-91.org\/CEE_site\/Inondations &amp; PPRI\/20160622 lettre au maire - poids lourds.pdf\" target=\"_new\" rel=\"noopener noreferrer\">demande<\/a> \u00e0 monsieur le maire de faire respecter l&rsquo;interdiction de circulation des poids lourds rue Laguide, voie impropre \u00e0 une telle circulation et ph\u00e9nom\u00e8ne aggrav\u00e9 lors des inondations. Lire la <a href=\"http:\/\/www.confluence-91.org\/CEE_site\/Inondations &amp; PPRI\/20160816_reponse_Maire_circulation Laguide Robinson.pdf\" target=\"_new\" rel=\"noopener noreferrer\">r\u00e9ponse<\/a>.<\/li>\n<\/ul>\n<p>Retrouver les animations vid\u00e9os pr\u00e9sent\u00e9es lors du forum des associations 2016 :<\/p>\n<ul>\n<li style=\"list-style-type: none;\">\n<ul>\n<li><a href=\"http:\/\/www.confluence-91.org\/CEE_site\/Forum_des_associations\/Eau_et_changement_climatique_adaptons_nous.flv\" target=\"_new\" rel=\"noopener noreferrer\">Eau et changement climatique<\/a>,<\/li>\n<li><a href=\"http:\/\/www.confluence-91.org\/CEE_site\/Forum_des_associations\/Natureparif_la_nature_une_solution_au_changement_climatique.flv\" target=\"_new\" rel=\"noopener noreferrer\">NatureParif la Nature une solution au changement climatique<\/a>,<\/li>\n<li><a href=\"http:\/\/www.confluence-91.org\/CEE_site\/Forum_des_associations\/Une_nouvelle_gestion_des_rivieres_arrive_a_l_heure_de_la_Gemapi.flv\" target=\"_new\" rel=\"noopener noreferrer\">Une nouvelle gestion de rivi\u00e8res arrive \u00e0 l&rsquo;heure de la Gemapi<\/a>,<\/li>\n<\/ul>\n<\/li>\n<li><a href=\"http:\/\/www.confluence-91.org\/CEE_site\/Forum_des_associations\/Zones_humides_zones_utiles_agissons.flv\" target=\"_new\" rel=\"noopener noreferrer\">Zones humides zones utiles<\/a>,<\/li>\n<li style=\"list-style-type: none;\">\n<ul>\n<li><a href=\"http:\/\/www.confluence-91.org\/CEE_site\/Forum_des_associations\/4_pour_1000_les_sols_pour_la_securite_alimentaire_et_le_climat.flv\" target=\"_new\" rel=\"noopener noreferrer\">4 pour 1000 des sols pour la s\u00e9curit\u00e9 alimentaire et le climat<\/a>.<\/li>\n<\/ul>\n<\/li>\n<\/ul>\n<p>&nbsp;<\/p>\n<h3><strong>PPRI (Plan de Pr\u00e9vention du Risque Inondation) de la rivi\u00e8re Essonne<\/strong><\/h3>\n<p><a href=\"http:\/\/www.confluence-91.org\/CEE_site\/Inondations &amp; PPRI\/20200303 Papi.pdf\" target=\"_blank\" rel=\"noreferrer noopener\">Avis de CEE<\/a> sur le PAPI (Programmes d&rsquo;Actions de Pr\u00e9vention des Inondations) en date du 3 mars 2020<\/p>\n<h3><\/h3>\n<p>Retrouver les PPRI en vigueur de la\u00a0<a href=\"http:\/\/www.essonne.gouv.fr\/content\/download\/8192\/53489\/file\/Ppr_seine_10000e_Reglementaires.pdf\">Seine<\/a>\u00a0et de l\u2019<a href=\"http:\/\/www.essonne.gouv.fr\/Politiques-publiques\/Environnement-risques-naturels-et-technologiques\/Risques-naturels\/Risque-inondation\/PPRi-de-la-vallee-de-l-Essonne\">Essonne<\/a>. Qu\u2019est-ce que le PPRI (Plan de Pr\u00e9vention du Risque Inondation) et qu\u2019est-ce que le PLU \u00e0 Corbeil-Essonnes et ses environs ?<\/p>\n<p><a href=\"http:\/\/www.confluence-91.org\/CEE_site\/Forum_des_associations\/20160810Fiche%20PLU.pdf\">Fiche PLU<\/a>,\u00a0<a href=\"http:\/\/www.confluence-91.org\/CEE_site\/Forum_des_associations\/20160810%20Fiche%20%20PPRI.pdf\">Fiche PPRI<\/a>, Retrouver les PPRI en vigueur de la\u00a0<a href=\"http:\/\/www.essonne.gouv.fr\/content\/download\/8192\/53489\/file\/Ppr_seine_10000e_Reglementaires.pdf\">Seine<\/a>\u00a0et de l\u2019<a href=\"http:\/\/www.essonne.gouv.fr\/Politiques-publiques\/Environnement-risques-naturels-et-technologiques\/Risques-naturels\/Risque-inondation\/PPRi-de-la-vallee-de-l-Essonne\">Essonne<\/a> <a href=\"http:\/\/www.confluence-91.org\/CEE_site\/Forum_des_associations\/Presentation%20resultats%20questionnaire%20forum%202016.pdf\">Questionnaire<\/a>\u00a0(son rendu \u00e0 consulter ici)<\/p>\n<p>Le\u00a0<a href=\"http:\/\/www.cepri.net\/presentation.html\">CEPRI<\/a>\u00a0(Centre Europ\u00e9en de pr\u00e9vention du Risque Inondation) a pour mission principale d\u2019\u00eatre l\u2019appui technique et scientifique dans la pr\u00e9vention et la gestion du risque d\u2019inondation en France et en Europe. Lire une excellente \u00a0<a href=\"http:\/\/www.confluence-91.org\/CEE_site\/Inondations%20&amp;%20PPRI\/ecocitesarguinondationcepri.pdf\">fiche<\/a>\u00a0de synth\u00e8se mettant l\u2019accent sur l\u2019importance de g\u00e9rer le niveau d\u2019imperm\u00e9abilisation des sols.<\/p>\n<p>Le service Etudes urbaines et am\u00e9nagement de la mairie de Corbeil-Essonnes nous communique un\u00a0<a href=\"http:\/\/www.confluence-91.org\/CEE_site\/Siarce_Essonne_Barrage\/PPRI%20Essonne%20-%20Doc%20prefecture.pdf\">document<\/a>\u00a0synth\u00e9tique pr\u00e9sentant la mise en oeuvre du PPRI de l\u2019Essonne. L\u2019arr\u00eat\u00e9 N\u00b02009-DDEA-SE N\u00b0097 pris le 10 avril 2009 prescrit l\u2019\u00e9tablissement du PPRI de la vall\u00e9e de l\u2019Essonne dans les d\u00e9partements du Loiret, de Seine-et-Marne et de l\u2019Essonne. Il d\u00e9finit les modalit\u00e9s d\u2019association avec les \u00e9lus et de concertation avec la population \u00e0 appliquer durant l\u2019\u00e9laboration du projet de PPRI.<\/p>\n<p>Lire l\u2019<a href=\"http:\/\/www.confluence-91.org\/CEE_site\/Siarce_Essonne_Barrage\/20101119_PPRI_IAL_CORBEIL-ESSONNES%20300.pdf\">arr\u00eat\u00e9 pr\u00e9fectoral<\/a>\u00a0PREF\/DCSIPC\/SIDPC N\u00b0 0029 en date du 3\/2\/2006 relatif \u00e0 l\u2019information des acqu\u00e9reurs et des locataires de biens immobiliers sur les risques naturels et technologiques majeurs sur la commune de Corbeil-Essonnes.<\/p>\n<p>Lire la\u00a0<a href=\"http:\/\/www.confluence-91.org\/CEE_site\/Siarce_Essonne_Barrage\/20101127%20PPRI%20riviere%20Essonne.pdf\" target=\"_blank\" rel=\"noopener noreferrer\">pr\u00e9sentation<\/a>\u00a0du PPRI de la rivi\u00e8re Essonne faisant le point au 27 novembre 2010.<\/p>\n<p>L\u2019<a href=\"http:\/\/www.confluence-91.org\/CEE_site\/Siarce_Essonne_Barrage\/20110926%20Avis%20enquete%20publique%20PPRI%20Essonne.pdf\">enqu\u00eate publique<\/a>\u00a0sur le PPRI de la rivi\u00e8re Essonne (Plan de Pr\u00e9vention du Risque Inondation) est close. Lire l\u2019<a href=\"http:\/\/www.confluence-91.org\/CEE_site\/Siarce_Essonne_Barrage\/111029%20Avis%20CEE%20enquete%20PPRI%20Essonne.pdf\">avis de CEE<\/a>\u00a0remis au commisaire-enqu\u00eateur le 29 octobre 2011.<\/p>\n<p>PPRI de l\u2019Essonne : lire le\u00a0<a href=\"http:\/\/www.confluence-91.org\/CEE_site\/Siarce_Essonne_Barrage\/2012%20ppri%20essonne%20rapport%20commissaire%20enqueteur.pdf\">rapport<\/a>\u00a0du commissaire enqu\u00eateur. L\u2019arr\u00eat\u00e9 a \u00e9t\u00e9 pris en juin 2012.<\/p>\n<ul>\n<li><strong>2013 :<\/strong><\/li>\n<\/ul>\n<p>CEE participe \u00e0 la journ\u00e9e organis\u00e9e par NaturParif sur les zones d\u2019expansion des crues de la Seine et de ses affluents et le maintien de la biodiversit\u00e9.<\/p>\n<p>Lire la <a href=\"https:\/\/www.arb-idf.fr\/sites\/arb-idf\/files\/document\/ressources\/natureparif-rencontrezec-01102013.pdf\" target=\"_blank\" rel=\"noopener noreferrer\">pr\u00e9sentation<\/a> sur le site de NaturParif (<a href=\"https:\/\/www.arb-idf.fr\" target=\"_blank\" rel=\"noopener noreferrer\">ARB<\/a> Agence R\u00e9gionale de la Biodiversit\u00e9)<\/p>\n<p><a href=\"http:\/\/www.confluence-91.org\/CEE_site\/Inondations%20&amp;%20PPRI\/20131220%20arrete%20cartes%20inondables%20et%20risques%20en%20idf.pdf\">Arr\u00eat\u00e9<\/a>\u00a0pr\u00e9fectoral d\u00e9finissant la\u00a0<a href=\"http:\/\/www.confluence-91.org\/CEE_site\/Inondations%20&amp;%20PPRI\/Carte_TRI_arrete_PCB_27_11_2012.pdf\">cartographie<\/a>\u00a0des zones inondables du territoire \u00cele-de-France.<\/p>\n<ul>\n<li><strong>2012 :<\/strong><\/li>\n<\/ul>\n<p>Lire l\u2019<a href=\"http:\/\/www.confluence-91.org\/CEE_site\/Siarce_Essonne_Barrage\/20120307%20Avis%20d'Essonne%20Nature%20Environnement%20a%20l'enquete%20publique%20sur%20le%20SAGE%20Nappe%20de%20Beauce%20-%207%20mars%202012.pdf\">avis d\u2019ENE<\/a>\u00a0remis au commissaire enqu\u00eateur et l\u2019<a href=\"http:\/\/www.confluence-91.org\/CEE_site\/Siarce_Essonne_Barrage\/20120312%20Article%20Boocan%20-%20Avis%20ENE%20SAGE%20Nappe%20de%20Beauce%20-%2012%20mars%202012.pdf\">article<\/a>\u00a0paru dans Boocan.<\/p>\n<p>[\/vc_column_text][\/vc_column][\/vc_row]<\/p>\n<\/div>","protected":false},"excerpt":{"rendered":"<p>[vc_row][vc_column][vc_column_text css=\u00a0\u00bb.vc_custom_1587642694462{margin-top: -80px !important;}\u00a0\u00bb]Le Niveau des crues de la Seine au pont de Corbeil-Essonnes (Cliquez sur l&rsquo;ann\u00e9e pour voir le film &#8211; en d\u00e9veloppement) Ann\u00e9e 1910 1924 1955 1959 1970 1978 1982 1983 2001 2016 2018 niveau M\u00eatre 6,15 5,52 5,56 4,98 4,52 4,7 5,11 4,05 3,91 4,84 4,4 &nbsp; Essonne Info communique : point<br \/><a href=\"https:\/\/corbeil-essonnes-environnement.org\/?page_id=551\" class=\"more\">Lire la suite<\/a><\/p>\n","protected":false},"author":1,"featured_media":0,"parent":0,"menu_order":0,"comment_status":"closed","ping_status":"closed","template":"","meta":{"footnotes":""},"class_list":["post-551","page","type-page","status-publish","hentry"],"_links":{"self":[{"href":"https:\/\/corbeil-essonnes-environnement.org\/index.php?rest_route=\/wp\/v2\/pages\/551","targetHints":{"allow":["GET"]}}],"collection":[{"href":"https:\/\/corbeil-essonnes-environnement.org\/index.php?rest_route=\/wp\/v2\/pages"}],"about":[{"href":"https:\/\/corbeil-essonnes-environnement.org\/index.php?rest_route=\/wp\/v2\/types\/page"}],"author":[{"embeddable":true,"href":"https:\/\/corbeil-essonnes-environnement.org\/index.php?rest_route=\/wp\/v2\/users\/1"}],"replies":[{"embeddable":true,"href":"https:\/\/corbeil-essonnes-environnement.org\/index.php?rest_route=%2Fwp%2Fv2%2Fcomments&post=551"}],"version-history":[{"count":2,"href":"https:\/\/corbeil-essonnes-environnement.org\/index.php?rest_route=\/wp\/v2\/pages\/551\/revisions"}],"predecessor-version":[{"id":1950,"href":"https:\/\/corbeil-essonnes-environnement.org\/index.php?rest_route=\/wp\/v2\/pages\/551\/revisions\/1950"}],"wp:attachment":[{"href":"https:\/\/corbeil-essonnes-environnement.org\/index.php?rest_route=%2Fwp%2Fv2%2Fmedia&parent=551"}],"curies":[{"name":"wp","href":"https:\/\/api.w.org\/{rel}","templated":true}]}}