{"id":2989,"date":"2025-04-20T10:39:13","date_gmt":"2025-04-20T08:39:13","guid":{"rendered":"https:\/\/corbeil-essonnes-environnement.org\/?page_id=2989"},"modified":"2025-05-28T10:13:46","modified_gmt":"2025-05-28T08:13:46","slug":"data_center","status":"publish","type":"page","link":"https:\/\/corbeil-essonnes-environnement.org\/?page_id=2989","title":{"rendered":"Data_Center &amp; Energie"},"content":{"rendered":"\n<p>Mai 2025 : la\u00a0 France relance sa fili\u00e8re\u00a0<a href=\"https:\/\/corbeil-essonnes-environnement.org\/wp-content\/uploads\/2025\/05\/La-France-relance-sa-filiere-nucleaire.pdf\" target=\"_blank\" rel=\"noreferrer noopener\">nucl\u00e9aire<\/a><\/p>\n\n\n\n<p>Pourquoi un dossier sur les Data Center (Centre informatique ou commun\u00e9ment Centre de Traitement de l&rsquo;Information) ?<\/p>\n\n\n\n<p>Ils se multiplient, rendent des services consid\u00e9r\u00e9s comme indispensables et en m\u00eame temps ont un impact environnemental tr\u00e8s \u00e9lev\u00e9 : ils consomment \u00e9norm\u00e9ment d&rsquo;\u00e9nergie, et cette \u00e9nergie est int\u00e9gralement transform\u00e9e en chaleur qui d&rsquo;une mani\u00e8re ou d&rsquo;une autre doit se dissiper soit sur place soit \u00e0 distance.<\/p>\n\n\n\n<p>En cours de d\u00e9veloppement <\/p>\n\n\n\n<ul class=\"wp-block-list\">\n<li>Mai 2025 : la MRAE publie son avis (<a href=\"https:\/\/corbeil-essonnes-environnement.org\/wp-content\/uploads\/2025\/05\/2025-05-07_corbeil-essonnes_91_data_center_village_delibere_avis-MRAE.pdf\" target=\"_blank\" rel=\"noreferrer noopener\">Avis no MRAe APJIF-2025-043 du 07\/05\/2025<\/a>) sur sur le projet de construction d\u2019un campus de centres d\u2019h\u00e9bergement de donn\u00e9es informatiques au Coudray-Montceaux et \u00e0 Corbeil-Essonnes (91)\n<ul class=\"wp-block-list\">\n<li>La <a href=\"https:\/\/corbeil-essonnes-environnement.org\/wp-content\/uploads\/2025\/05\/Synthese_-202505-07_corbeil-essonnes_91_data_center_village_delibere_avis-MRAE.pdf\" target=\"_blank\" rel=\"noreferrer noopener\">synth\u00e8se<\/a><\/li>\n\n\n\n<li>les <a href=\"https:\/\/corbeil-essonnes-environnement.org\/wp-content\/uploads\/2025\/05\/recomanadations_-202505-07_corbeil-essonnes_91_data_center_village_delibere_avis-MRAE-2.pdf\" target=\"_blank\" rel=\"noreferrer noopener\">recommandations<\/a><\/li>\n<\/ul>\n<\/li>\n\n\n\n<li>mars 2025 : 2025_0328_L\u2019<a href=\"https:\/\/corbeil-essonnes-environnement.org\/wp-content\/uploads\/2025\/05\/2025_0328_Larchitecture-des-data-centers-en-quete-dalternatives.pdf\" target=\"_blank\" rel=\"noreferrer noopener\">architecture<\/a> des data centers en qu\u00eate d\u2019alternatives<\/li>\n\n\n\n<li>mars 2025 : 20250329_\u00ab Assurer un <a href=\"https:\/\/corbeil-essonnes-environnement.org\/wp-content\/uploads\/2025\/05\/2025_0329_-Assurer-un-developpement-soutenable-_-un-senateur-de-lEssonne-voudrait-soumettre-les-data-centers-a-une-taxe-sur-leau-Le-Parisien.pdf\" target=\"_blank\" rel=\"noreferrer noopener\">d\u00e9veloppement soutenable<\/a> \u00bb _ un s\u00e9nateur de l\u2019Essonne voudrait soumettre les data centers \u00e0 une taxe sur l\u2019eau &#8211; Le Parisien<\/li>\n\n\n\n<li>mars 2025 : 20250329_Un \u00ab&nbsp;impact sur la robustesse du <a href=\"https:\/\/corbeil-essonnes-environnement.org\/wp-content\/uploads\/2025\/05\/2025_0329_Un-impact-sur-la-robustesse-du-reseau-electrique-_-gare-a-la-multiplication-des-data-centers-en-Ile-de-France-Le-Parisien.pdf\" target=\"_blank\" rel=\"noreferrer noopener\">r\u00e9seau \u00e9lectrique<\/a>&nbsp;\u00bb&nbsp;_ gare \u00e0 la multiplication des data centers en \u00cele-de-France &#8211; Le Parisien<\/li>\n\n\n\n<li>f\u00e9vrier 2025 : 2025-02-07 La <a href=\"https:\/\/corbeil-essonnes-environnement.org\/wp-content\/uploads\/2025\/05\/2025_0207-La-production-delectricite-de-la-France-a-battu-plusieurs-records-en-2024.pdf\" target=\"_blank\" rel=\"noreferrer noopener\">production d&rsquo;\u00e9lectricit\u00e9<\/a> de la France a battu plusieurs records en 2024<\/li>\n\n\n\n<li>f\u00e9vrier 2025 : 2025-02-15 M\u00e9diapart &#8211; \u00c9cologie _ <a href=\"https:\/\/corbeil-essonnes-environnement.org\/wp-content\/uploads\/2025\/05\/2025_0215-Mediapart-Ecologie-_-electricite-partout-sobriete-nulle-part-_-Mediapart.pdf\">\u00e9lectricit\u00e9 partout, sobri\u00e9t\u00e9 nulle part<\/a><\/li>\n<\/ul>\n\n\n\n<p><\/p>\n","protected":false},"excerpt":{"rendered":"<p>Mai 2025 : la\u00a0 France relance sa fili\u00e8re\u00a0nucl\u00e9aire Pourquoi un dossier sur les Data Center (Centre informatique ou commun\u00e9ment Centre de Traitement de l&rsquo;Information) ? Ils se multiplient, rendent des services consid\u00e9r\u00e9s comme indispensables et en m\u00eame temps ont un impact environnemental tr\u00e8s \u00e9lev\u00e9 : ils consomment \u00e9norm\u00e9ment d&rsquo;\u00e9nergie, et cette \u00e9nergie est int\u00e9gralement transform\u00e9e<br \/><a href=\"https:\/\/corbeil-essonnes-environnement.org\/?page_id=2989\" class=\"more\">Lire la suite<\/a><\/p>\n","protected":false},"author":19,"featured_media":0,"parent":0,"menu_order":0,"comment_status":"closed","ping_status":"closed","template":"","meta":{"footnotes":""},"class_list":["post-2989","page","type-page","status-publish","hentry"],"_links":{"self":[{"href":"https:\/\/corbeil-essonnes-environnement.org\/index.php?rest_route=\/wp\/v2\/pages\/2989","targetHints":{"allow":["GET"]}}],"collection":[{"href":"https:\/\/corbeil-essonnes-environnement.org\/index.php?rest_route=\/wp\/v2\/pages"}],"about":[{"href":"https:\/\/corbeil-essonnes-environnement.org\/index.php?rest_route=\/wp\/v2\/types\/page"}],"author":[{"embeddable":true,"href":"https:\/\/corbeil-essonnes-environnement.org\/index.php?rest_route=\/wp\/v2\/users\/19"}],"replies":[{"embeddable":true,"href":"https:\/\/corbeil-essonnes-environnement.org\/index.php?rest_route=%2Fwp%2Fv2%2Fcomments&post=2989"}],"version-history":[{"count":15,"href":"https:\/\/corbeil-essonnes-environnement.org\/index.php?rest_route=\/wp\/v2\/pages\/2989\/revisions"}],"predecessor-version":[{"id":3036,"href":"https:\/\/corbeil-essonnes-environnement.org\/index.php?rest_route=\/wp\/v2\/pages\/2989\/revisions\/3036"}],"wp:attachment":[{"href":"https:\/\/corbeil-essonnes-environnement.org\/index.php?rest_route=%2Fwp%2Fv2%2Fmedia&parent=2989"}],"curies":[{"name":"wp","href":"https:\/\/api.w.org\/{rel}","templated":true}]}}

<p>Mai 2025 : la  France relance sa filière <a href="https://corbeil-essonnes-environnement.org/wp-content/uploads/2025/05/La-France-relance-sa-filiere-nucleaire.pdf" target="_blank" rel="noreferrer noopener">nucléaire</a></p>



<p>Pourquoi un dossier sur les Data Center (Centre informatique ou communément Centre de Traitement de l&rsquo;Information) ?</p>



<p>Ils se multiplient, rendent des services considérés comme indispensables et en même temps ont un impact environnemental très élevé : ils consomment énormément d&rsquo;énergie, et cette énergie est intégralement transformée en chaleur qui d&rsquo;une manière ou d&rsquo;une autre doit se dissiper soit sur place soit à distance.</p>



<p>En cours de développement </p>



<ul class="wp-block-list">
<li>Mai 2025 : la MRAE publie son avis (<a href="https://corbeil-essonnes-environnement.org/wp-content/uploads/2025/05/2025-05-07_corbeil-essonnes_91_data_center_village_delibere_avis-MRAE.pdf" target="_blank" rel="noreferrer noopener">Avis no MRAe APJIF-2025-043 du 07/05/2025</a>) sur sur le projet de construction d’un campus de centres d’hébergement de données informatiques au Coudray-Montceaux et à Corbeil-Essonnes (91)
<ul class="wp-block-list">
<li>La <a href="https://corbeil-essonnes-environnement.org/wp-content/uploads/2025/05/Synthese_-202505-07_corbeil-essonnes_91_data_center_village_delibere_avis-MRAE.pdf" target="_blank" rel="noreferrer noopener">synthèse</a></li>



<li>les <a href="https://corbeil-essonnes-environnement.org/wp-content/uploads/2025/05/recomanadations_-202505-07_corbeil-essonnes_91_data_center_village_delibere_avis-MRAE-2.pdf" target="_blank" rel="noreferrer noopener">recommandations</a></li>
</ul>
</li>



<li>mars 2025 : 2025_0328_L’<a href="https://corbeil-essonnes-environnement.org/wp-content/uploads/2025/05/2025_0328_Larchitecture-des-data-centers-en-quete-dalternatives.pdf" target="_blank" rel="noreferrer noopener">architecture</a> des data centers en quête d’alternatives</li>



<li>mars 2025 : 20250329_« Assurer un <a href="https://corbeil-essonnes-environnement.org/wp-content/uploads/2025/05/2025_0329_-Assurer-un-developpement-soutenable-_-un-senateur-de-lEssonne-voudrait-soumettre-les-data-centers-a-une-taxe-sur-leau-Le-Parisien.pdf" target="_blank" rel="noreferrer noopener">développement soutenable</a> » _ un sénateur de l’Essonne voudrait soumettre les data centers à une taxe sur l’eau &#8211; Le Parisien</li>



<li>mars 2025 : 20250329_Un «&nbsp;impact sur la robustesse du <a href="https://corbeil-essonnes-environnement.org/wp-content/uploads/2025/05/2025_0329_Un-impact-sur-la-robustesse-du-reseau-electrique-_-gare-a-la-multiplication-des-data-centers-en-Ile-de-France-Le-Parisien.pdf" target="_blank" rel="noreferrer noopener">réseau électrique</a>&nbsp;»&nbsp;_ gare à la multiplication des data centers en Île-de-France &#8211; Le Parisien</li>



<li>février 2025 : 2025-02-07 La <a href="https://corbeil-essonnes-environnement.org/wp-content/uploads/2025/05/2025_0207-La-production-delectricite-de-la-France-a-battu-plusieurs-records-en-2024.pdf" target="_blank" rel="noreferrer noopener">production d&rsquo;électricité</a> de la France a battu plusieurs records en 2024</li>



<li>février 2025 : 2025-02-15 Médiapart &#8211; Écologie _ <a href="https://corbeil-essonnes-environnement.org/wp-content/uploads/2025/05/2025_0215-Mediapart-Ecologie-_-electricite-partout-sobriete-nulle-part-_-Mediapart.pdf">électricité partout, sobriété nulle part</a></li>
</ul>



<p></p>

<p>Mai 2025 : la  France relance sa filière nucléaire Pourquoi un dossier sur les Data Center (Centre informatique ou communément Centre de Traitement de l&rsquo;Information) ? Ils se multiplient, rendent des services considérés comme indispensables et en même temps ont un impact environnemental très élevé : ils consomment énormément d&rsquo;énergie, et cette énergie est intégralement transformée<br /><a href="https://corbeil-essonnes-environnement.org/?page_id=2989" class="more">Lire la suite</a></p>
