{"id":214,"date":"2020-04-10T11:10:16","date_gmt":"2020-04-10T09:10:16","guid":{"rendered":"https:\/\/corbeil-essonnes-environnement.org\/?page_id=214"},"modified":"2020-04-22T11:00:16","modified_gmt":"2020-04-22T09:00:16","slug":"port-saint-nicolas-haropa","status":"publish","type":"page","link":"https:\/\/corbeil-essonnes-environnement.org\/?page_id=214","title":{"rendered":"Port de Corbeil Saint Nicolas &#038; Haropa"},"content":{"rendered":"<div class=\"wpb-content-wrapper\"><p>[vc_row][vc_column][vc_column_text css=\u00a0\u00bb.vc_custom_1587545922903{margin-top: -80px !important;}\u00a0\u00bb]HAROPA Ports de Paris Seine Normandie est une offre commerciale commune destin\u00e9e \u00e0 g\u00e9rer les ports du Havre, Rouen &amp; Paris (dont le port de Corbeil Saint Nicolas), positionn\u00e9e au niveau des plus grands complexes portuaires europ\u00e9ens : <a href=\"https:\/\/www.haropaports.com\/fr\" target=\"_blank\" rel=\"noopener noreferrer\">https:\/\/www.haropaports.com\/fr<\/a><\/p>\n<ul>\n<li>2020\n<ul>\n<li>Port de Corbeil Saint Nicolas &amp; Haropa : <a href=\"http:\/\/www.confluence-91.org\/CEE_site\/20200401_port_de_Corbeil_plantations.pdf\" target=\"new\" rel=\"noopener noreferrer\">plantations<\/a> des arbres et <a href=\"http:\/\/www.confluence-91.org\/CEE_site\/20200227_CR_reunion_sur_le_chantier_du_port_Saint-Nicolas_pour_les arbres_Jeudi_27_Fevrier_2020_14h30.pdf\" target=\"new\" rel=\"noopener noreferrer\">compte rendu<\/a> de la r\u00e9union du 27 f\u00e9vrier 2020<\/li>\n<\/ul>\n<\/li>\n<li>2018\n<ul>\n<li>Pr\u00e9sentation du projet de r\u00e9am\u00e9nagement du Port de Corbeil Saint Nicolas par Port de Paris (Haropa), lire la <a href=\"http:\/\/www.confluence-91.org\/CEE_site\/Projet Haropa 020618 19_06_2018 17_02_45.pdf\" target=\"_new\" rel=\"noopener noreferrer\">pr\u00e9sentation<\/a> du projet pour la visite du 2 juin 2018<\/li>\n<li>Lire l&rsquo;<a href=\"http:\/\/www.confluence-91.org\/CEE_site\/20180602 Avis CEE Haropa Port St Nicolas.pdf\" target=\"_new\" rel=\"noopener noreferrer\">avis<\/a> de CEE transmis \u00e0 la direction d&rsquo;Haropa apr\u00e8s la visite du 2 juin 2018<\/li>\n<li>Lire le <a href=\"http:\/\/www.confluence-91.org\/CEE_site\/20180628 haropa_corbeil_ms9-reunionpublique_280618_compte-rendu_vf.pdf\" target=\"_new\" rel=\"noopener noreferrer\">compte rend<\/a>u de la r\u00e9union finale du 28 juin 2018<\/li>\n<\/ul>\n<\/li>\n<\/ul>\n<p>[\/vc_column_text][\/vc_column][\/vc_row]<\/p>\n<\/div>","protected":false},"excerpt":{"rendered":"<p>[vc_row][vc_column][vc_column_text css=\u00a0\u00bb.vc_custom_1587545922903{margin-top: -80px !important;}\u00a0\u00bb]HAROPA Ports de Paris Seine Normandie est une offre commerciale commune destin\u00e9e \u00e0 g\u00e9rer les ports du Havre, Rouen &amp; Paris (dont le port de Corbeil Saint Nicolas), positionn\u00e9e au niveau des plus grands complexes portuaires europ\u00e9ens : https:\/\/www.haropaports.com\/fr 2020 Port de Corbeil Saint Nicolas &amp; Haropa : plantations des arbres et<br \/><a href=\"https:\/\/corbeil-essonnes-environnement.org\/?page_id=214\" class=\"more\">Lire la suite<\/a><\/p>\n","protected":false},"author":1,"featured_media":0,"parent":0,"menu_order":5,"comment_status":"closed","ping_status":"closed","template":"","meta":{"footnotes":""},"class_list":["post-214","page","type-page","status-publish","hentry"],"_links":{"self":[{"href":"https:\/\/corbeil-essonnes-environnement.org\/index.php?rest_route=\/wp\/v2\/pages\/214","targetHints":{"allow":["GET"]}}],"collection":[{"href":"https:\/\/corbeil-essonnes-environnement.org\/index.php?rest_route=\/wp\/v2\/pages"}],"about":[{"href":"https:\/\/corbeil-essonnes-environnement.org\/index.php?rest_route=\/wp\/v2\/types\/page"}],"author":[{"embeddable":true,"href":"https:\/\/corbeil-essonnes-environnement.org\/index.php?rest_route=\/wp\/v2\/users\/1"}],"replies":[{"embeddable":true,"href":"https:\/\/corbeil-essonnes-environnement.org\/index.php?rest_route=%2Fwp%2Fv2%2Fcomments&post=214"}],"version-history":[{"count":0,"href":"https:\/\/corbeil-essonnes-environnement.org\/index.php?rest_route=\/wp\/v2\/pages\/214\/revisions"}],"wp:attachment":[{"href":"https:\/\/corbeil-essonnes-environnement.org\/index.php?rest_route=%2Fwp%2Fv2%2Fmedia&parent=214"}],"curies":[{"name":"wp","href":"https:\/\/api.w.org\/{rel}","templated":true}]}}