{"id":1127,"date":"2020-04-26T11:26:30","date_gmt":"2020-04-26T09:26:30","guid":{"rendered":"https:\/\/corbeil-essonnes-environnement.org\/?page_id=1127"},"modified":"2026-01-16T18:04:41","modified_gmt":"2026-01-16T17:04:41","slug":"membership-registration","status":"publish","type":"page","link":"https:\/\/corbeil-essonnes-environnement.org\/?page_id=1127","title":{"rendered":"Adh\u00e9sion &#8211; Inscription"},"content":{"rendered":"<div class=\"wpb-content-wrapper\"><p>[vc_row][vc_column width=\u00a0\u00bb1\/4&Prime;][vc_column_text css=\u00a0\u00bb.vc_custom_1588499531365{margin-top: -80px !important;}\u00a0\u00bb]<\/p>\n<p>Pourquoi adh\u00e9rer \u00e0 Corbeil-Essonnes-Environnement et vous inscrire sur notre site ?<\/p>\n<p>Nous communiquons par courriel ou infolettre les \u00e9v\u00e9nements concernant notre cadre de vie, les probl\u00e9matiques nationales et locales traitant de l&rsquo;environnement actuel et futur.<\/p>\n<p>En adh\u00e9rant, vous participez activement et soutenez nos actions. La protection de l&rsquo;environnement, la lutte contre le d\u00e9r\u00e9glement climatique constitue un combat dans la dur\u00e9e et la pers\u00e9v\u00e9rance. Il a fallu 10 ans d&rsquo;actions de terrain pour que le Cirque naturel de l&rsquo;Essonne soit enfin prot\u00e9g\u00e9 et fasse l&rsquo;objet d&rsquo;un plan d&rsquo;am\u00e9nagement.<\/p>\n<p>Alors rejoignez nous !!<\/p>\n<p>[\/vc_column_text][\/vc_column][vc_column width=\u00a0\u00bb1\/4&Prime;][vc_column_text css=\u00a0\u00bb.vc_custom_1589466422234{margin-top: -80px !important;}\u00a0\u00bb]<\/p>\n<p style=\"text-align: center;\">Adh\u00e9sion en ligne avec Helloasso<\/p>\n<p style=\"text-align: center;\">a venir<\/p>\n<p>&nbsp;<\/p>\n<p>[\/vc_column_text][\/vc_column][vc_column width=\u00a0\u00bb1\/4&Prime;][vc_column_text css=\u00a0\u00bb.vc_custom_1615882621130{margin-top: -80px !important;}\u00a0\u00bb]<\/p>\n<p style=\"text-align: center;\">Adh\u00e9sion par voie postale<\/p>\n<p><a href=\"https:\/\/corbeil-essonnes-environnement.org\/wp-content\/uploads\/2026\/01\/2026_Bulletin-adhesion.jpg\" target=\"_blank\" rel=\"noopener noreferrer\"><img loading=\"lazy\" decoding=\"async\" class=\"size-full wp-image-1330 aligncenter\" src=\"https:\/\/corbeil-essonnes-environnement.org\/wp-content\/uploads\/2020\/05\/adhesion-1-1.jpg\" alt=\"\" width=\"300\" height=\"225\" \/><\/a>[\/vc_column_text][\/vc_column][vc_column width=\u00a0\u00bb1\/4&Prime;][vc_column_text css=\u00a0\u00bb.vc_custom_1589902306453{margin-top: -80px !important;}\u00a0\u00bb]<\/p>\n<p style=\"text-align: center;\">Inscrivez vous pour recevoir notre infolettre (en cr\u00e9ation)<\/p>\n<p><a href=\"https:\/\/corbeil-essonnes-environnement.org\/?page_id=1500\" target=\"_blank\" rel=\"noopener noreferrer\"><img loading=\"lazy\" decoding=\"async\" class=\"size-medium wp-image-1509 aligncenter\" src=\"https:\/\/corbeil-essonnes-environnement.org\/wp-content\/uploads\/2020\/05\/image-abonnement-infolettre-300x200.jpg\" alt=\"\" width=\"300\" height=\"200\" srcset=\"https:\/\/corbeil-essonnes-environnement.org\/wp-content\/uploads\/2020\/05\/image-abonnement-infolettre-300x200.jpg 300w, https:\/\/corbeil-essonnes-environnement.org\/wp-content\/uploads\/2020\/05\/image-abonnement-infolettre.jpg 450w\" sizes=\"auto, (max-width: 300px) 100vw, 300px\" \/><\/a>[\/vc_column_text][\/vc_column][\/vc_row][vc_row][vc_column][vc_column_text]<\/p>\n<p style=\"text-align: center;\">Merci \u00e0 vous &#8211; Rappel : consulter notre politique de <a href=\"https:\/\/corbeil-essonnes-environnement.org\/?page_id=42\" target=\"_blank\" rel=\"noopener noreferrer\">protection<\/a> des donn\u00e9es personnelles et nos <a href=\"https:\/\/corbeil-essonnes-environnement.org\/wp-content\/uploads\/2019\/09\/20190413-Statuts-2019-signe-o.pdf\" target=\"_blank\" rel=\"noopener noreferrer\">statuts<\/a><\/p>\n<p>[\/vc_column_text][\/vc_column][\/vc_row]<\/p>\n<\/div>","protected":false},"excerpt":{"rendered":"<p>[vc_row][vc_column width=\u00a0\u00bb1\/4&Prime;][vc_column_text css=\u00a0\u00bb.vc_custom_1588499531365{margin-top: -80px !important;}\u00a0\u00bb] Pourquoi adh\u00e9rer \u00e0 Corbeil-Essonnes-Environnement et vous inscrire sur notre site ? Nous communiquons par courriel ou infolettre les \u00e9v\u00e9nements concernant notre cadre de vie, les probl\u00e9matiques nationales et locales traitant de l&rsquo;environnement actuel et futur. En adh\u00e9rant, vous participez activement et soutenez nos actions. La protection de l&rsquo;environnement, la lutte<br \/><a href=\"https:\/\/corbeil-essonnes-environnement.org\/?page_id=1127\" class=\"more\">Lire la suite<\/a><\/p>\n","protected":false},"author":1,"featured_media":0,"parent":1125,"menu_order":0,"comment_status":"closed","ping_status":"closed","template":"","meta":{"footnotes":""},"class_list":["post-1127","page","type-page","status-publish","hentry"],"_links":{"self":[{"href":"https:\/\/corbeil-essonnes-environnement.org\/index.php?rest_route=\/wp\/v2\/pages\/1127","targetHints":{"allow":["GET"]}}],"collection":[{"href":"https:\/\/corbeil-essonnes-environnement.org\/index.php?rest_route=\/wp\/v2\/pages"}],"about":[{"href":"https:\/\/corbeil-essonnes-environnement.org\/index.php?rest_route=\/wp\/v2\/types\/page"}],"author":[{"embeddable":true,"href":"https:\/\/corbeil-essonnes-environnement.org\/index.php?rest_route=\/wp\/v2\/users\/1"}],"replies":[{"embeddable":true,"href":"https:\/\/corbeil-essonnes-environnement.org\/index.php?rest_route=%2Fwp%2Fv2%2Fcomments&post=1127"}],"version-history":[{"count":29,"href":"https:\/\/corbeil-essonnes-environnement.org\/index.php?rest_route=\/wp\/v2\/pages\/1127\/revisions"}],"predecessor-version":[{"id":3161,"href":"https:\/\/corbeil-essonnes-environnement.org\/index.php?rest_route=\/wp\/v2\/pages\/1127\/revisions\/3161"}],"up":[{"embeddable":true,"href":"https:\/\/corbeil-essonnes-environnement.org\/index.php?rest_route=\/wp\/v2\/pages\/1125"}],"wp:attachment":[{"href":"https:\/\/corbeil-essonnes-environnement.org\/index.php?rest_route=%2Fwp%2Fv2%2Fmedia&parent=1127"}],"curies":[{"name":"wp","href":"https:\/\/api.w.org\/{rel}","templated":true}]}}

Adhésion &#8211; Inscription

<div class="wpb-content-wrapper"><p>[vc_row][vc_column width= »1/4&Prime;][vc_column_text css= ».vc_custom_1588499531365{margin-top: -80px !important;} »]</p>
<p>Pourquoi adhérer à Corbeil-Essonnes-Environnement et vous inscrire sur notre site ?</p>
<p>Nous communiquons par courriel ou infolettre les événements concernant notre cadre de vie, les problématiques nationales et locales traitant de l&rsquo;environnement actuel et futur.</p>
<p>En adhérant, vous participez activement et soutenez nos actions. La protection de l&rsquo;environnement, la lutte contre le déréglement climatique constitue un combat dans la durée et la persévérance. Il a fallu 10 ans d&rsquo;actions de terrain pour que le Cirque naturel de l&rsquo;Essonne soit enfin protégé et fasse l&rsquo;objet d&rsquo;un plan d&rsquo;aménagement.</p>
<p>Alors rejoignez nous !!</p>
<p>[/vc_column_text][/vc_column][vc_column width= »1/4&Prime;][vc_column_text css= ».vc_custom_1589466422234{margin-top: -80px !important;} »]</p>
<p style="text-align: center;">Adhésion en ligne avec Helloasso</p>
<p style="text-align: center;">a venir</p>
<p>&nbsp;</p>
<p>[/vc_column_text][/vc_column][vc_column width= »1/4&Prime;][vc_column_text css= ».vc_custom_1615882621130{margin-top: -80px !important;} »]</p>
<p style="text-align: center;">Adhésion par voie postale</p>
<p><a href="https://corbeil-essonnes-environnement.org/wp-content/uploads/2026/01/2026_Bulletin-adhesion.jpg" target="_blank" rel="noopener noreferrer"><img loading="lazy" decoding="async" class="size-full wp-image-1330 aligncenter" src="https://corbeil-essonnes-environnement.org/wp-content/uploads/2020/05/adhesion-1-1.jpg" alt="" width="300" height="225" /></a>[/vc_column_text][/vc_column][vc_column width= »1/4&Prime;][vc_column_text css= ».vc_custom_1589902306453{margin-top: -80px !important;} »]</p>
<p style="text-align: center;">Inscrivez vous pour recevoir notre infolettre (en création)</p>
<p><a href="https://corbeil-essonnes-environnement.org/?page_id=1500" target="_blank" rel="noopener noreferrer"><img loading="lazy" decoding="async" class="size-medium wp-image-1509 aligncenter" src="https://corbeil-essonnes-environnement.org/wp-content/uploads/2020/05/image-abonnement-infolettre-300x200.jpg" alt="" width="300" height="200" srcset="https://corbeil-essonnes-environnement.org/wp-content/uploads/2020/05/image-abonnement-infolettre-300x200.jpg 300w, https://corbeil-essonnes-environnement.org/wp-content/uploads/2020/05/image-abonnement-infolettre.jpg 450w" sizes="auto, (max-width: 300px) 100vw, 300px" /></a>[/vc_column_text][/vc_column][/vc_row][vc_row][vc_column][vc_column_text]</p>
<p style="text-align: center;">Merci à vous &#8211; Rappel : consulter notre politique de <a href="https://corbeil-essonnes-environnement.org/?page_id=42" target="_blank" rel="noopener noreferrer">protection</a> des données personnelles et nos <a href="https://corbeil-essonnes-environnement.org/wp-content/uploads/2019/09/20190413-Statuts-2019-signe-o.pdf" target="_blank" rel="noopener noreferrer">statuts</a></p>
<p>[/vc_column_text][/vc_column][/vc_row]</p>
</div>

<p>[vc_row][vc_column width= »1/4&Prime;][vc_column_text css= ».vc_custom_1588499531365{margin-top: -80px !important;} »] Pourquoi adhérer à Corbeil-Essonnes-Environnement et vous inscrire sur notre site ? Nous communiquons par courriel ou infolettre les événements concernant notre cadre de vie, les problématiques nationales et locales traitant de l&rsquo;environnement actuel et futur. En adhérant, vous participez activement et soutenez nos actions. La protection de l&rsquo;environnement, la lutte<br /><a href="https://corbeil-essonnes-environnement.org/?page_id=1127" class="more">Lire la suite</a></p>
