{"id":111,"date":"2019-09-27T11:04:16","date_gmt":"2019-09-27T09:04:16","guid":{"rendered":"https:\/\/corbeil-essonnes-environnement.org\/?page_id=111"},"modified":"2021-04-18T18:15:19","modified_gmt":"2021-04-18T16:15:19","slug":"galerie","status":"publish","type":"page","link":"https:\/\/corbeil-essonnes-environnement.org\/?page_id=111","title":{"rendered":"Galerie"},"content":{"rendered":"<div class=\"wpb-content-wrapper\"><p>[vc_row][vc_column width=\u00a0\u00bb1\/2&Prime;][vc_column_text]<\/p>\n<ul>\n<li><strong>D\u00e9couvrez le Cirque<\/strong>\n<ul>\n<li>en <a href=\"https:\/\/corbeil-essonnes-environnement.org\/wp-content\/uploads\/video\/cirque en photos 1 HD 8_10.mp4\" target=\"_blank\" rel=\"noopener noreferrer\">photos<\/a><\/li>\n<li>Le Cirque <a href=\"https:\/\/corbeil-essonnes-environnement.org\/wp-content\/uploads\/video\/Cirque enneige HD 8_10.mp4\" target=\"_blank\" rel=\"noopener noreferrer\">enneig\u00e9<\/a><\/li>\n<li>Le Cirque, sa <a href=\"https:\/\/corbeil-essonnes-environnement.org\/?page_id=1480\" target=\"_blank\" rel=\"noopener noreferrer\">faune et sa flore<\/a><\/li>\n<li>Le Cirque <a href=\"https:\/\/corbeil-essonnes-environnement.org\/wp-content\/uploads\/video\/cirque inond\u00e9 HD_8_10.mp4\" target=\"_blank\" rel=\"noopener noreferrer\">inond\u00e9<\/a><\/li>\n<li>Le Cirque <a href=\"https:\/\/corbeil-essonnes-environnement.org\/wp-content\/uploads\/video\/Cirque et occupations illegales.mp4\" target=\"_blank\" rel=\"noopener noreferrer\">le fond de vall\u00e9e et les occupations ill\u00e9gales<\/a><\/li>\n<li>21 janvier 2021 &#8211; La zone humide du Cirques est en <a href=\"https:\/\/corbeil-essonnes-environnement.org\/wp-content\/uploads\/video\/2021_01_24_zone_humide_cirque_H264_8_10.mp4\" target=\"_blank\" rel=\"noopener\">travaux<\/a><\/li>\n<li>11 f\u00e9vrier 2021 &#8211; Le <a href=\"https:\/\/corbeil-essonnes-environnement.org\/wp-content\/uploads\/video\/20210211_Cirque_Essonne_neige_fin_prem_tranche_H264_8_10.mp4\" target=\"_blank\" rel=\"noopener\">Cirque<\/a> en fin de campagne de nettoyage sous la neige<\/li>\n<li>21 f\u00e9vrier 2021 &#8211; Le <a href=\"https:\/\/corbeil-essonnes-environnement.org\/wp-content\/uploads\/video\/20210211_Cirque_Essonne_soleil__fin_prem_tranche_H264_8_10.mp4\" target=\"_blank\" rel=\"noopener\">Cirque<\/a> en fin de la premi\u00e8re campagne de nettoyage<\/li>\n<\/ul>\n<\/li>\n<\/ul>\n<p>&nbsp;<\/p>\n<ul>\n<li>Les cartes postales anciennes de Corbeil-Essonnes\n<ul>\n<li><a href=\"https:\/\/corbeil-essonnes-environnement.org\/wp-content\/uploads\/C_P\/CP_Chantemerle.mp4\" target=\"_blank\" rel=\"noopener noreferrer\">Chantemerle<\/a><\/li>\n<li>Concours de man\u0153uvre de <a href=\"https:\/\/corbeil-essonnes-environnement.org\/wp-content\/uploads\/C_P\/CP_Concours_de_manoeuvre_de_pompes_1906.mp4\" target=\"_blank\" rel=\"noopener noreferrer\">pompes <\/a>1906<\/li>\n<li><a href=\"https:\/\/corbeil-essonnes-environnement.org\/wp-content\/uploads\/C_P\/CP_Inauguration_nouvel_hotel_de_ville.mp4\" target=\"_blank\" rel=\"noopener noreferrer\">Inauguration de l&rsquo;h\u00f4tel de ville (8 juillet 1906)<\/a><\/li>\n<li><a href=\"https:\/\/corbeil-essonnes-environnement.org\/wp-content\/uploads\/C_P\/CP_Evenements.mp4\" target=\"_blank\" rel=\"noopener noreferrer\">\u00c9v\u00e9nements<\/a><\/li>\n<li><a href=\"https:\/\/corbeil-essonnes-environnement.org\/wp-content\/uploads\/C_P\/CP_St_Spire.mp4\" target=\"_blank\" rel=\"noopener noreferrer\">St Spire<\/a><\/li>\n<li><a href=\"https:\/\/corbeil-essonnes-environnement.org\/wp-content\/uploads\/C_P\/CP_Rues et batiments.mp4\" target=\"_blank\" rel=\"noopener noreferrer\">Rues &amp; b\u00e2timents<\/a><\/li>\n<li><a href=\"https:\/\/corbeil-essonnes-environnement.org\/wp-content\/uploads\/C_P\/CP_rue de Paris.mp4\" target=\"_blank\" rel=\"noopener noreferrer\">Rue de Paris<\/a><\/li>\n<li><a href=\"https:\/\/corbeil-essonnes-environnement.org\/wp-content\/uploads\/C_P\/CP_Marche.mp4\" target=\"_blank\" rel=\"noopener noreferrer\">le march\u00e9<\/a><\/li>\n<li><a href=\"https:\/\/corbeil-essonnes-environnement.org\/wp-content\/uploads\/C_P\/CP_Gare.mp4\" target=\"_blank\" rel=\"noopener noreferrer\">La gare<\/a><\/li>\n<li><a href=\"https:\/\/corbeil-essonnes-environnement.org\/wp-content\/uploads\/C_P\/CP_Moulins.mp4\" target=\"_blank\" rel=\"noopener noreferrer\">Les Grands Moulins<\/a><\/li>\n<li><a href=\"https:\/\/corbeil-essonnes-environnement.org\/wp-content\/uploads\/C_P\/CP_Decauville.mp4\" target=\"_blank\" rel=\"noopener noreferrer\">Usine Decauville<\/a><\/li>\n<li><a href=\"https:\/\/corbeil-essonnes-environnement.org\/wp-content\/uploads\/C_P\/CP_Crete.mp4\" target=\"_blank\" rel=\"noopener noreferrer\">Imprimerie Cr\u00e9t\u00e9<\/a><\/li>\n<li><a href=\"https:\/\/corbeil-essonnes-environnement.org\/wp-content\/uploads\/C_P\/CP_Papeterie.mp4\" target=\"_blank\" rel=\"noopener noreferrer\">La papeterie Darblay<\/a><\/li>\n<li><a href=\"https:\/\/corbeil-essonnes-environnement.org\/wp-content\/uploads\/C_P\/CP_Pont Patton et Seine.mp4\" target=\"_blank\" rel=\"noopener noreferrer\">Le pont Patton et la Seine<\/a><\/li>\n<li><a href=\"https:\/\/corbeil-essonnes-environnement.org\/wp-content\/uploads\/C_P\/CP_Seine et Essonne.mp4\" target=\"_blank\" rel=\"noopener noreferrer\">La Seine et l&rsquo;Essonne<\/a><\/li>\n<li>Commune d&rsquo;<a href=\"https:\/\/corbeil-essonnes-environnement.org\/wp-content\/uploads\/C_P\/CP_ Essonne.mp4\" target=\"_blank\" rel=\"noopener noreferrer\">Essonne<\/a><\/li>\n<li><a href=\"https:\/\/corbeil-essonnes-environnement.org\/wp-content\/uploads\/C_P\/CP_Moulin-Galant et Pressoir Prompt.mp4\" target=\"_blank\" rel=\"noopener noreferrer\">Moulin-Galant &amp; Pressoir Prompt<\/a><\/li>\n<li><a href=\"https:\/\/corbeil-essonnes-environnement.org\/wp-content\/uploads\/C_P\/CP_Coudray-Montceaux_et_Morsang_sur_Seine.mp4\" target=\"_blank\" rel=\"noopener noreferrer\">Coudray-Montceaux &amp; Morsang sur Seine<\/a><\/li>\n<li><a href=\"https:\/\/corbeil-essonnes-environnement.org\/wp-content\/uploads\/C_P\/CP_Ancien croquis.mp4\" target=\"_blank\" rel=\"noopener noreferrer\">Ancien croquis<\/a><\/li>\n<li><a href=\"https:\/\/corbeil-essonnes-environnement.org\/wp-content\/uploads\/C_P\/CP_Souvenirs.mp4\" target=\"_blank\" rel=\"noopener noreferrer\">Souvenirs<\/a><\/li>\n<\/ul>\n<\/li>\n<\/ul>\n<p><a href=\"https:\/\/corbeil-essonnes-environnement.org\/wp-content\/uploads\/video\/2013 sentes de Corbeil-Essonnes.mp4\" target=\"_blank\" rel=\"noopener noreferrer\">2013 &#8211; Les sentes de Corbeil-Essonnes<\/a>[\/vc_column_text][\/vc_column][vc_column width=\u00a0\u00bb1\/2&Prime;][vc_column_text]<\/p>\n<h3 style=\"text-align: center;\">Les crues \u00e0 Corbeil-Essonnes<\/h3>\n<p style=\"text-align: center;\"><a href=\"https:\/\/corbeil-essonnes-environnement.org\/wp-content\/uploads\/video\/101127 Inondations Corbeil 1910 720 540 8 10 .mp4\" target=\"_blank\" rel=\"noopener noreferrer\">1910<\/a><\/p>\n<p style=\"text-align: center;\"><a href=\"https:\/\/corbeil-essonnes-environnement.org\/wp-content\/uploads\/2020\/04\/Inondations-1955.pdf\" target=\"_blank\" rel=\"noopener noreferrer\">1955<\/a><\/p>\n<p style=\"text-align: center;\"><a href=\"https:\/\/corbeil-essonnes-environnement.org\/wp-content\/uploads\/video\/101127 Inondations Corbeil 1982.mp4\" target=\"_blank\" rel=\"noopener noreferrer\">1982<\/a><\/p>\n<p style=\"text-align: center;\"><a href=\"https:\/\/youtu.be\/Wsl_Xcb9XIU\" target=\"_blank\" rel=\"noopener noreferrer\">2016<\/a>, une 2\u00e8me<a href=\"https:\/\/youtu.be\/1W4avrnfeFs\" target=\"_blank\" rel=\"noopener noreferrer\"> video<\/a>, <a href=\"https:\/\/corbeil-essonnes-environnement.org\/wp-content\/uploads\/2020\/04\/201606-Inondation-Corbeil-Essonnes-r.pdf\" target=\"_blank\" rel=\"noopener noreferrer\">les photos<\/a><\/p>\n<p style=\"text-align: center;\"><a href=\"https:\/\/youtu.be\/404NDLkbWxI\" target=\"_blank\" rel=\"noopener noreferrer\">2018<\/a><\/p>\n<p>[\/vc_column_text][\/vc_column][\/vc_row]<\/p>\n<\/div>","protected":false},"excerpt":{"rendered":"<p>[vc_row][vc_column width=\u00a0\u00bb1\/2&Prime;][vc_column_text] D\u00e9couvrez le Cirque en photos Le Cirque enneig\u00e9 Le Cirque, sa faune et sa flore Le Cirque inond\u00e9 Le Cirque le fond de vall\u00e9e et les occupations ill\u00e9gales 21 janvier 2021 &#8211; La zone humide du Cirques est en travaux 11 f\u00e9vrier 2021 &#8211; Le Cirque en fin de campagne de nettoyage sous<br \/><a href=\"https:\/\/corbeil-essonnes-environnement.org\/?page_id=111\" class=\"more\">Lire la suite<\/a><\/p>\n","protected":false},"author":1,"featured_media":0,"parent":0,"menu_order":13,"comment_status":"closed","ping_status":"closed","template":"","meta":{"footnotes":""},"class_list":["post-111","page","type-page","status-publish","hentry"],"_links":{"self":[{"href":"https:\/\/corbeil-essonnes-environnement.org\/index.php?rest_route=\/wp\/v2\/pages\/111","targetHints":{"allow":["GET"]}}],"collection":[{"href":"https:\/\/corbeil-essonnes-environnement.org\/index.php?rest_route=\/wp\/v2\/pages"}],"about":[{"href":"https:\/\/corbeil-essonnes-environnement.org\/index.php?rest_route=\/wp\/v2\/types\/page"}],"author":[{"embeddable":true,"href":"https:\/\/corbeil-essonnes-environnement.org\/index.php?rest_route=\/wp\/v2\/users\/1"}],"replies":[{"embeddable":true,"href":"https:\/\/corbeil-essonnes-environnement.org\/index.php?rest_route=%2Fwp%2Fv2%2Fcomments&post=111"}],"version-history":[{"count":35,"href":"https:\/\/corbeil-essonnes-environnement.org\/index.php?rest_route=\/wp\/v2\/pages\/111\/revisions"}],"predecessor-version":[{"id":1732,"href":"https:\/\/corbeil-essonnes-environnement.org\/index.php?rest_route=\/wp\/v2\/pages\/111\/revisions\/1732"}],"wp:attachment":[{"href":"https:\/\/corbeil-essonnes-environnement.org\/index.php?rest_route=%2Fwp%2Fv2%2Fmedia&parent=111"}],"curies":[{"name":"wp","href":"https:\/\/api.w.org\/{rel}","templated":true}]}}

<div class="wpb-content-wrapper"><p>[vc_row][vc_column width= »1/2&Prime;][vc_column_text]</p>
<ul>
<li><strong>Découvrez le Cirque</strong>
<ul>
<li>en <a href="https://corbeil-essonnes-environnement.org/wp-content/uploads/video/cirque en photos 1 HD 8_10.mp4" target="_blank" rel="noopener noreferrer">photos</a></li>
<li>Le Cirque <a href="https://corbeil-essonnes-environnement.org/wp-content/uploads/video/Cirque enneige HD 8_10.mp4" target="_blank" rel="noopener noreferrer">enneigé</a></li>
<li>Le Cirque, sa <a href="https://corbeil-essonnes-environnement.org/?page_id=1480" target="_blank" rel="noopener noreferrer">faune et sa flore</a></li>
<li>Le Cirque <a href="https://corbeil-essonnes-environnement.org/wp-content/uploads/video/cirque inondé HD_8_10.mp4" target="_blank" rel="noopener noreferrer">inondé</a></li>
<li>Le Cirque <a href="https://corbeil-essonnes-environnement.org/wp-content/uploads/video/Cirque et occupations illegales.mp4" target="_blank" rel="noopener noreferrer">le fond de vallée et les occupations illégales</a></li>
<li>21 janvier 2021 &#8211; La zone humide du Cirques est en <a href="https://corbeil-essonnes-environnement.org/wp-content/uploads/video/2021_01_24_zone_humide_cirque_H264_8_10.mp4" target="_blank" rel="noopener">travaux</a></li>
<li>11 février 2021 &#8211; Le <a href="https://corbeil-essonnes-environnement.org/wp-content/uploads/video/20210211_Cirque_Essonne_neige_fin_prem_tranche_H264_8_10.mp4" target="_blank" rel="noopener">Cirque</a> en fin de campagne de nettoyage sous la neige</li>
<li>21 février 2021 &#8211; Le <a href="https://corbeil-essonnes-environnement.org/wp-content/uploads/video/20210211_Cirque_Essonne_soleil__fin_prem_tranche_H264_8_10.mp4" target="_blank" rel="noopener">Cirque</a> en fin de la première campagne de nettoyage</li>
</ul>
</li>
</ul>
<p>&nbsp;</p>
<ul>
<li>Les cartes postales anciennes de Corbeil-Essonnes
<ul>
<li><a href="https://corbeil-essonnes-environnement.org/wp-content/uploads/C_P/CP_Chantemerle.mp4" target="_blank" rel="noopener noreferrer">Chantemerle</a></li>
<li>Concours de manœuvre de <a href="https://corbeil-essonnes-environnement.org/wp-content/uploads/C_P/CP_Concours_de_manoeuvre_de_pompes_1906.mp4" target="_blank" rel="noopener noreferrer">pompes </a>1906</li>
<li><a href="https://corbeil-essonnes-environnement.org/wp-content/uploads/C_P/CP_Inauguration_nouvel_hotel_de_ville.mp4" target="_blank" rel="noopener noreferrer">Inauguration de l&rsquo;hôtel de ville (8 juillet 1906)</a></li>
<li><a href="https://corbeil-essonnes-environnement.org/wp-content/uploads/C_P/CP_Evenements.mp4" target="_blank" rel="noopener noreferrer">Événements</a></li>
<li><a href="https://corbeil-essonnes-environnement.org/wp-content/uploads/C_P/CP_St_Spire.mp4" target="_blank" rel="noopener noreferrer">St Spire</a></li>
<li><a href="https://corbeil-essonnes-environnement.org/wp-content/uploads/C_P/CP_Rues et batiments.mp4" target="_blank" rel="noopener noreferrer">Rues &amp; bâtiments</a></li>
<li><a href="https://corbeil-essonnes-environnement.org/wp-content/uploads/C_P/CP_rue de Paris.mp4" target="_blank" rel="noopener noreferrer">Rue de Paris</a></li>
<li><a href="https://corbeil-essonnes-environnement.org/wp-content/uploads/C_P/CP_Marche.mp4" target="_blank" rel="noopener noreferrer">le marché</a></li>
<li><a href="https://corbeil-essonnes-environnement.org/wp-content/uploads/C_P/CP_Gare.mp4" target="_blank" rel="noopener noreferrer">La gare</a></li>
<li><a href="https://corbeil-essonnes-environnement.org/wp-content/uploads/C_P/CP_Moulins.mp4" target="_blank" rel="noopener noreferrer">Les Grands Moulins</a></li>
<li><a href="https://corbeil-essonnes-environnement.org/wp-content/uploads/C_P/CP_Decauville.mp4" target="_blank" rel="noopener noreferrer">Usine Decauville</a></li>
<li><a href="https://corbeil-essonnes-environnement.org/wp-content/uploads/C_P/CP_Crete.mp4" target="_blank" rel="noopener noreferrer">Imprimerie Crété</a></li>
<li><a href="https://corbeil-essonnes-environnement.org/wp-content/uploads/C_P/CP_Papeterie.mp4" target="_blank" rel="noopener noreferrer">La papeterie Darblay</a></li>
<li><a href="https://corbeil-essonnes-environnement.org/wp-content/uploads/C_P/CP_Pont Patton et Seine.mp4" target="_blank" rel="noopener noreferrer">Le pont Patton et la Seine</a></li>
<li><a href="https://corbeil-essonnes-environnement.org/wp-content/uploads/C_P/CP_Seine et Essonne.mp4" target="_blank" rel="noopener noreferrer">La Seine et l&rsquo;Essonne</a></li>
<li>Commune d&rsquo;<a href="https://corbeil-essonnes-environnement.org/wp-content/uploads/C_P/CP_ Essonne.mp4" target="_blank" rel="noopener noreferrer">Essonne</a></li>
<li><a href="https://corbeil-essonnes-environnement.org/wp-content/uploads/C_P/CP_Moulin-Galant et Pressoir Prompt.mp4" target="_blank" rel="noopener noreferrer">Moulin-Galant &amp; Pressoir Prompt</a></li>
<li><a href="https://corbeil-essonnes-environnement.org/wp-content/uploads/C_P/CP_Coudray-Montceaux_et_Morsang_sur_Seine.mp4" target="_blank" rel="noopener noreferrer">Coudray-Montceaux &amp; Morsang sur Seine</a></li>
<li><a href="https://corbeil-essonnes-environnement.org/wp-content/uploads/C_P/CP_Ancien croquis.mp4" target="_blank" rel="noopener noreferrer">Ancien croquis</a></li>
<li><a href="https://corbeil-essonnes-environnement.org/wp-content/uploads/C_P/CP_Souvenirs.mp4" target="_blank" rel="noopener noreferrer">Souvenirs</a></li>
</ul>
</li>
</ul>
<p><a href="https://corbeil-essonnes-environnement.org/wp-content/uploads/video/2013 sentes de Corbeil-Essonnes.mp4" target="_blank" rel="noopener noreferrer">2013 &#8211; Les sentes de Corbeil-Essonnes</a>[/vc_column_text][/vc_column][vc_column width= »1/2&Prime;][vc_column_text]</p>
<h3 style="text-align: center;">Les crues à Corbeil-Essonnes</h3>
<p style="text-align: center;"><a href="https://corbeil-essonnes-environnement.org/wp-content/uploads/video/101127 Inondations Corbeil 1910 720 540 8 10 .mp4" target="_blank" rel="noopener noreferrer">1910</a></p>
<p style="text-align: center;"><a href="https://corbeil-essonnes-environnement.org/wp-content/uploads/2020/04/Inondations-1955.pdf" target="_blank" rel="noopener noreferrer">1955</a></p>
<p style="text-align: center;"><a href="https://corbeil-essonnes-environnement.org/wp-content/uploads/video/101127 Inondations Corbeil 1982.mp4" target="_blank" rel="noopener noreferrer">1982</a></p>
<p style="text-align: center;"><a href="https://youtu.be/Wsl_Xcb9XIU" target="_blank" rel="noopener noreferrer">2016</a>, une 2ème<a href="https://youtu.be/1W4avrnfeFs" target="_blank" rel="noopener noreferrer"> video</a>, <a href="https://corbeil-essonnes-environnement.org/wp-content/uploads/2020/04/201606-Inondation-Corbeil-Essonnes-r.pdf" target="_blank" rel="noopener noreferrer">les photos</a></p>
<p style="text-align: center;"><a href="https://youtu.be/404NDLkbWxI" target="_blank" rel="noopener noreferrer">2018</a></p>
<p>[/vc_column_text][/vc_column][/vc_row]</p>
</div>

<p>[vc_row][vc_column width= »1/2&Prime;][vc_column_text] Découvrez le Cirque en photos Le Cirque enneigé Le Cirque, sa faune et sa flore Le Cirque inondé Le Cirque le fond de vallée et les occupations illégales 21 janvier 2021 &#8211; La zone humide du Cirques est en travaux 11 février 2021 &#8211; Le Cirque en fin de campagne de nettoyage sous<br /><a href="https://corbeil-essonnes-environnement.org/?page_id=111" class="more">Lire la suite</a></p>
